{"id":2926,"date":"2025-11-30T10:49:37","date_gmt":"2025-11-30T09:49:37","guid":{"rendered":"https:\/\/www.omasgegenrechts-dresden.de\/?page_id=2926"},"modified":"2025-11-30T18:00:09","modified_gmt":"2025-11-30T17:00:09","slug":"wir-zum-thema-klima","status":"publish","type":"page","link":"https:\/\/www.omasgegenrechts-dresden.de\/index.php\/wir-zum-thema-klima\/","title":{"rendered":"Wir zum Thema Klima"},"content":{"rendered":"\n<h2 class=\"wp-block-heading\">Warum engagieren sich die OMAS GEGEN RECHTS.DRESDEN <br>auch f\u00fcr den Klimaschutz?<\/h2>\n\n\n\n<figure class=\"wp-block-image size-large\"><img loading=\"lazy\" decoding=\"async\" width=\"1024\" height=\"256\" src=\"https:\/\/www.omasgegenrechts-dresden.de\/wp-content\/uploads\/2025\/11\/Webseite_gross-1024x256.png\" alt=\"\" class=\"wp-image-2931\" srcset=\"https:\/\/www.omasgegenrechts-dresden.de\/wp-content\/uploads\/2025\/11\/Webseite_gross-1024x256.png 1024w, https:\/\/www.omasgegenrechts-dresden.de\/wp-content\/uploads\/2025\/11\/Webseite_gross-300x75.png 300w, https:\/\/www.omasgegenrechts-dresden.de\/wp-content\/uploads\/2025\/11\/Webseite_gross-768x192.png 768w, https:\/\/www.omasgegenrechts-dresden.de\/wp-content\/uploads\/2025\/11\/Webseite_gross-1536x384.png 1536w, https:\/\/www.omasgegenrechts-dresden.de\/wp-content\/uploads\/2025\/11\/Webseite_gross.png 2000w\" sizes=\"auto, (max-width: 1024px) 100vw, 1024px\" \/><\/figure>\n\n\n\n<p>Wir OMAS sind der \u00dcberzeugung, dass das Engagement gegen Rechtspopulismus, f\u00fcr Demokratie und f\u00fcr Klimaschutz eng zusammenh\u00e4ngen, da diese Themen mit Fragen der sozialen Gerechtigkeit und der Verantwortung gegen\u00fcber zuk\u00fcnftigen Generationen untrennbar verbunden sind.<\/p>\n\n\n\n<p>Der Klimawandel schreitet weltweit rasant voran. Dies zeigt sich in einem Anstieg der globalen Durchschnittstemperaturen und h\u00e4ufigeren und intensiveren Hitzewellen, einem Anstieg des Meeresspiegels und Gef\u00e4hrdung der K\u00fcstenregionen durch das Schmelzen von Gletschern und Eiskappen und einer Zunahme von Extremwetterereignissen, wie St\u00fcrmen, Starkregen, \u00dcberschwemmungen und D\u00fcrreperioden.<\/p>\n\n\n\n<h3 class=\"wp-block-heading\">Folgen sind insbesondere:<\/h3>\n\n\n\n<ul class=\"wp-block-list\">\n<li>die Ver\u00e4nderung bzw. der Verlust von Lebensr\u00e4umen und die Bedrohung der \u00d6kosysteme und der Biodiversit\u00e4t,<\/li>\n\n\n\n<li>die Gef\u00e4hrdung der Nahrungsmittelproduktion, insbesondere durch Wassermangel, Hagelsch\u00e4den, \u00dcberflutungen und neue Sch\u00e4dlinge und Pflanzenkrankheiten,<\/li>\n\n\n\n<li>gesundheitliche Risiken durch Hitzewellen, Luftverschmutzung und die Ausbreitung von Infektionskrankheiten und Allergien.<\/li>\n<\/ul>\n\n\n\n<p>Gleichzeitig erhalten rechtspopulistische Parteien immer mehr an Zuspruch und es werden internationale Klimaziele sowie Ma\u00dfnahmen f\u00fcr den Klimaschutz immer st\u00e4rker hinterfragt oder sogar kategorisch abgelehnt.<\/p>\n\n\n\n<p>Die Klimakrise hat erhebliche \u00f6konomische und sozialen Auswirkungen und spaltet dadurch zunehmend unsere Gesellschaft. Dies wird von rechten Parteien und Bewegungen instrumentalisiert. Es werden gezielt \u00c4ngste gesch\u00fcrt, um nationalistische und rassistische Ideologien zu propagieren und das politische System und die Demokratie zu schw\u00e4chen.<\/p>\n\n\n\n<h3 class=\"wp-block-heading\">Rechtspopulisten lehnen Klimaschutzma\u00dfnahmen aus verschiedenen Gr\u00fcnden ab:<\/h3>\n\n\n\n<ul class=\"wp-block-list\">\n<li>Es besteht eine gro\u00dfe Skepsis gegen\u00fcber dem wissenschaftlichen Konsens \u00fcber den Klimawandel und dessen Ursachen, was zu einer Ablehnung von Ma\u00dfnahmen f\u00fchrt, die auf diesen Erkenntnissen beruhen.<\/li>\n\n\n\n<li>Rechtspopulisten beschw\u00f6ren eine Gefahr f\u00fcr die nationale Souver\u00e4nit\u00e4t, da internationale Klimaschutzabkommen den L\u00e4ndern Vorschriften auferlegen, die als nachteilig empfunden werden. Eine gerechte Verantwortungs\u00fcbernahme gegen\u00fcber dem globalen S\u00fcden wird strikt abgelehnt.<\/li>\n\n\n\n<li>Klimaschutz wird als Projekt der sog. \u201cEliten\u201d angesehen, die in undemokratischer Weise Klimaschutzma\u00dfnahmen durchsetzen wollen, ohne die Auswirkungen auf die breite Bev\u00f6lkerung zu ber\u00fccksichtigen. Dadurch sei die individuelle Entscheidungsfreiheit gef\u00e4hrdet und es komme zu unverh\u00e4ltnism\u00e4\u00dfigen wirtschaftlichen Belastungen mit Arbeitsplatzverlusten und h\u00f6heren Lebenshaltungskosten.<\/li>\n<\/ul>\n\n\n\n<p>Diesen verbreiteten rechtspopulistischen Narrativen m\u00fcssen wir \u2013 neben der Verteidigung von Klimaschutzma\u00dfnahmen \u2013 demokratische Werte wie Menschenrechte, soziale Gerechtigkeit und Solidarit\u00e4t auch in Hinblick auf Flucht und Asyl entgegenstellen.<\/p>\n\n\n\n<p>Daher ist es so wichtig, dass das Engagement f\u00fcr Klimaschutz und Demokratie Hand in Hand gehen.<\/p>\n\n\n\n<p>Wenn heute die notwendigen Klimaschutzma\u00dfnahmen blockiert werden, bestimmen morgen die klimatisch bedingten Katastrophen immer mehr unser Leben und Handeln. Damit werden die demokratischen Spielr\u00e4ume zunehmend kleiner, denn derartige Krisen haben den Effekt, dass sie demokratiefeindliche Tendenzen und Ideologien mit einer \u201e<em>Wir zuerst! \u2013 <\/em>Einstellung\u201c weiter st\u00e4rken.<\/p>\n\n\n\n<p>Die Bek\u00e4mpfung des Klimawandels muss auf demokratischer Teilhabe, Transparenz von demokratischen Prozessen, sozialer Gerechtigkeit und internationaler solidarischer Zusammenarbeit beruhen und auf Langfristigkeit angelegt sein. Dabei ist ein breiteres Bewusstsein f\u00fcr Klimafragen zu f\u00f6rdern.<\/p>\n\n\n\n<figure class=\"wp-block-pullquote\"><blockquote><p><strong>Klimaschutz ben\u00f6tigt also eine funktionierende Demokratie, und ebenso sind schnelle und effektive Klimaschutzma\u00dfnahmen unerl\u00e4sslich f\u00fcr den dauerhaften Schutz unserer Demokratie.<\/strong><\/p><\/blockquote><\/figure>\n\n\n\n<h4 class=\"wp-block-heading has-text-align-center\"><strong>Deshalb geh\u00f6ren f\u00fcr die OMAS GEGEN RECHTS.DRESDEN<\/strong><br> <strong>Klima- und Demokratiebewegung zusammen.<\/strong><\/h4>\n\n\n\n<p><\/p>\n","protected":false},"excerpt":{"rendered":"<p>Warum engagieren sich die OMAS GEGEN RECHTS.DRESDEN auch f\u00fcr den Klimaschutz? Wir OMAS sind der \u00dcberzeugung, dass das Engagement gegen Rechtspopulismus, f\u00fcr Demokratie und f\u00fcr Klimaschutz eng zusammenh\u00e4ngen, da diese Themen mit Fragen der sozialen Gerechtigkeit und der Verantwortung gegen\u00fcber zuk\u00fcnftigen Generationen untrennbar verbunden sind. Der Klimawandel schreitet weltweit rasant voran. Dies zeigt sich in einem Anstieg der globalen Durchschnittstemperaturen<\/p>\n","protected":false},"author":5,"featured_media":0,"parent":0,"menu_order":0,"comment_status":"closed","ping_status":"closed","template":"","meta":{"om_disable_all_campaigns":false,"_monsterinsights_skip_tracking":false,"_monsterinsights_sitenote_active":false,"_monsterinsights_sitenote_note":"","_monsterinsights_sitenote_category":0,"footnotes":""},"class_list":["post-2926","page","type-page","status-publish","hentry"],"aioseo_notices":[],"_links":{"self":[{"href":"https:\/\/www.omasgegenrechts-dresden.de\/index.php\/wp-json\/wp\/v2\/pages\/2926","targetHints":{"allow":["GET"]}}],"collection":[{"href":"https:\/\/www.omasgegenrechts-dresden.de\/index.php\/wp-json\/wp\/v2\/pages"}],"about":[{"href":"https:\/\/www.omasgegenrechts-dresden.de\/index.php\/wp-json\/wp\/v2\/types\/page"}],"author":[{"embeddable":true,"href":"https:\/\/www.omasgegenrechts-dresden.de\/index.php\/wp-json\/wp\/v2\/users\/5"}],"replies":[{"embeddable":true,"href":"https:\/\/www.omasgegenrechts-dresden.de\/index.php\/wp-json\/wp\/v2\/comments?post=2926"}],"version-history":[{"count":6,"href":"https:\/\/www.omasgegenrechts-dresden.de\/index.php\/wp-json\/wp\/v2\/pages\/2926\/revisions"}],"predecessor-version":[{"id":2940,"href":"https:\/\/www.omasgegenrechts-dresden.de\/index.php\/wp-json\/wp\/v2\/pages\/2926\/revisions\/2940"}],"wp:attachment":[{"href":"https:\/\/www.omasgegenrechts-dresden.de\/index.php\/wp-json\/wp\/v2\/media?parent=2926"}],"curies":[{"name":"wp","href":"https:\/\/api.w.org\/{rel}","templated":true}]}}