{"id":3091,"date":"2026-03-22T16:45:55","date_gmt":"2026-03-22T15:45:55","guid":{"rendered":"https:\/\/www.omasgegenrechts-dresden.de\/?page_id=3091"},"modified":"2026-04-26T20:00:05","modified_gmt":"2026-04-26T18:00:05","slug":"ag_fakten_und_themen","status":"publish","type":"page","link":"https:\/\/www.omasgegenrechts-dresden.de\/index.php\/intern\/ag_fakten_und_themen\/","title":{"rendered":"AG Fakten und Themen"},"content":{"rendered":"<div class=\"aioseo-breadcrumbs\"><span class=\"aioseo-breadcrumb\">\n\t\t\t<a href=\"https:\/\/www.omasgegenrechts-dresden.de\" title=\"Home\">Home<\/a>\n\t\t<\/span><span class=\"aioseo-breadcrumb-separator\">\u203a<\/span><span class=\"aioseo-breadcrumb\">\n\t\t\t<a href=\"https:\/\/www.omasgegenrechts-dresden.de\/index.php\/intern\/\" title=\"Gesch\u00fctzt: Intern\">Gesch\u00fctzt: Intern<\/a>\n\t\t<\/span><span class=\"aioseo-breadcrumb-separator\">\u203a<\/span><span class=\"aioseo-breadcrumb\">\n\t\t\tAG Fakten und Themen\n\t\t<\/span><\/div>\n\n\n<div class=\"wp-block-columns is-layout-flex wp-container-core-columns-is-layout-9d6595d7 wp-block-columns-is-layout-flex\">\n<div class=\"wp-block-column is-layout-flow wp-block-column-is-layout-flow\" style=\"flex-basis:66.66%\">\n<h4 class=\"wp-block-heading\">Themen der Arbeitsgruppe<\/h4>\n\n\n\n<p>Im Gespr\u00e4ch mit anderen sollten wir wissen, wovon wir reden. Deshalb ist es wichtig, dass wir uns ein breites Faktenwissen aneignen. <br>In der Arbeitsgruppe besch\u00e4ftigen wir uns mit aktuellen Fakten und Themen. Die Ergebnisse stellen wir zur Verf\u00fcgung. <br>Wir bitten um Anregungen aus der Gruppe. <br>Interessentinnen sind herzlich willkommen.<\/p>\n<\/div>\n\n\n\n<div class=\"wp-block-column is-layout-flow wp-block-column-is-layout-flow\" style=\"flex-basis:33.33%\">\n<h4 class=\"wp-block-heading\">Anprechfrau:<\/h4>\n\n\n\n<p><strong>Astrid Bodenstein<\/strong> (Kontakt kann bei <a href=\"mailto:omasgegenrechtsdresden@web.de\" target=\"_blank\" rel=\"noopener\" title=\"\">Orgateam<\/a> erfragt werden)<\/p>\n\n\n\n<h4 class=\"wp-block-heading\">Treffen:<\/h4>\n<\/div>\n<\/div>\n\n\n\n<h4 class=\"wp-block-heading\">Thema Identit\u00e4t<\/h4>\n\n\n\n<div data-wp-interactive=\"core\/file\" class=\"wp-block-file\"><object data-wp-bind--hidden=\"!state.hasPdfPreview\" hidden class=\"wp-block-file__embed\" data=\"https:\/\/www.omasgegenrechts-dresden.de\/wp-content\/uploads\/2026\/03\/Identitaet.pdf\" type=\"application\/pdf\" style=\"width:100%;height:200px\" aria-label=\"Einbettung von Identit\u00e4t.\"><\/object><a id=\"wp-block-file--media-d96a59a0-e46e-4520-8f21-5094d7901877\" href=\"https:\/\/www.omasgegenrechts-dresden.de\/wp-content\/uploads\/2026\/03\/Identitaet.pdf\">Identit\u00e4t<\/a><a href=\"https:\/\/www.omasgegenrechts-dresden.de\/wp-content\/uploads\/2026\/03\/Identitaet.pdf\" class=\"wp-block-file__button wp-element-button\" download aria-describedby=\"wp-block-file--media-d96a59a0-e46e-4520-8f21-5094d7901877\">Herunterladen<\/a><\/div>\n\n\n\n<h4 class=\"wp-block-heading\">Thema Heimat<\/h4>\n\n\n\n<p>Herr Dr. Ulbricht hat uns freundlicherweise seinen Text \u201eSehnsuchtswort \u2013 Sehnsuchtsort \u2013 Praxisfeld oder: Wo ist Heimat? <br>Nachdenkliche Anmerkungen aus Dresden\u201c zur Ver\u00f6ffentlichung im internen Bereich von OGR.DD zur Verf\u00fcgung gestellt. &nbsp;<br><strong>Weitere Verwendung dieses Textes bitte nur nach R\u00fccksprache mit der AG \u201eFakten und Themen\u201c.<\/strong><\/p>\n\n\n\n<div data-wp-interactive=\"core\/file\" class=\"wp-block-file\"><object data-wp-bind--hidden=\"!state.hasPdfPreview\" hidden class=\"wp-block-file__embed\" data=\"https:\/\/www.omasgegenrechts-dresden.de\/wp-content\/uploads\/2026\/04\/Justus-H.-Ulbricht-Wo-ist-Heimat.pdf\" type=\"application\/pdf\" style=\"width:100%;height:200px\" aria-label=\"Einbettung von Justus H. Ulbricht - Wo ist Heimat.\"><\/object><a id=\"wp-block-file--media-3a6714fc-d4ca-4e0e-b8fa-ba78779f196e\" href=\"https:\/\/www.omasgegenrechts-dresden.de\/wp-content\/uploads\/2026\/04\/Justus-H.-Ulbricht-Wo-ist-Heimat.pdf\">Justus H. Ulbricht &#8211; Wo ist Heimat<\/a><a href=\"https:\/\/www.omasgegenrechts-dresden.de\/wp-content\/uploads\/2026\/04\/Justus-H.-Ulbricht-Wo-ist-Heimat.pdf\" class=\"wp-block-file__button wp-element-button\" download aria-describedby=\"wp-block-file--media-3a6714fc-d4ca-4e0e-b8fa-ba78779f196e\">Herunterladen<\/a><\/div>\n\n\n\n<div class=\"wp-block-buttons is-layout-flex wp-block-buttons-is-layout-flex\">\n<div class=\"wp-block-button\"><a class=\"wp-block-button__link has-tertiary-background-color has-background wp-element-button\" href=\"https:\/\/www.omasgegenrechts-dresden.de\/index.php\/intern\/\"><strong>zur\u00fcck zur Startseite INTERN<\/strong><\/a><\/div>\n<\/div>\n\n\n\n<p><\/p>\n","protected":false},"excerpt":{"rendered":"<p>Themen der Arbeitsgruppe Im Gespr\u00e4ch mit anderen sollten wir wissen, wovon wir reden. Deshalb ist es wichtig, dass wir uns ein breites Faktenwissen aneignen. In der Arbeitsgruppe besch\u00e4ftigen wir uns mit aktuellen Fakten und Themen. Die Ergebnisse stellen wir zur Verf\u00fcgung. Wir bitten um Anregungen aus der Gruppe. Interessentinnen sind herzlich willkommen. Anprechfrau: Astrid Bodenstein (Kontakt kann bei Orgateam erfragt<\/p>\n","protected":false},"author":5,"featured_media":0,"parent":3070,"menu_order":0,"comment_status":"closed","ping_status":"closed","template":"","meta":{"om_disable_all_campaigns":false,"_monsterinsights_skip_tracking":false,"_monsterinsights_sitenote_active":false,"_monsterinsights_sitenote_note":"","_monsterinsights_sitenote_category":0,"footnotes":""},"class_list":["post-3091","page","type-page","status-publish","hentry"],"aioseo_notices":[],"_links":{"self":[{"href":"https:\/\/www.omasgegenrechts-dresden.de\/index.php\/wp-json\/wp\/v2\/pages\/3091","targetHints":{"allow":["GET"]}}],"collection":[{"href":"https:\/\/www.omasgegenrechts-dresden.de\/index.php\/wp-json\/wp\/v2\/pages"}],"about":[{"href":"https:\/\/www.omasgegenrechts-dresden.de\/index.php\/wp-json\/wp\/v2\/types\/page"}],"author":[{"embeddable":true,"href":"https:\/\/www.omasgegenrechts-dresden.de\/index.php\/wp-json\/wp\/v2\/users\/5"}],"replies":[{"embeddable":true,"href":"https:\/\/www.omasgegenrechts-dresden.de\/index.php\/wp-json\/wp\/v2\/comments?post=3091"}],"version-history":[{"count":14,"href":"https:\/\/www.omasgegenrechts-dresden.de\/index.php\/wp-json\/wp\/v2\/pages\/3091\/revisions"}],"predecessor-version":[{"id":3232,"href":"https:\/\/www.omasgegenrechts-dresden.de\/index.php\/wp-json\/wp\/v2\/pages\/3091\/revisions\/3232"}],"up":[{"embeddable":true,"href":"https:\/\/www.omasgegenrechts-dresden.de\/index.php\/wp-json\/wp\/v2\/pages\/3070"}],"wp:attachment":[{"href":"https:\/\/www.omasgegenrechts-dresden.de\/index.php\/wp-json\/wp\/v2\/media?parent=3091"}],"curies":[{"name":"wp","href":"https:\/\/api.w.org\/{rel}","templated":true}]}}

<div class="aioseo-breadcrumbs"><span class="aioseo-breadcrumb">
			<a href="https://www.omasgegenrechts-dresden.de" title="Home">Home</a>
		</span><span class="aioseo-breadcrumb-separator">›</span><span class="aioseo-breadcrumb">
			<a href="https://www.omasgegenrechts-dresden.de/index.php/intern/" title="Geschützt: Intern">Geschützt: Intern</a>
		</span><span class="aioseo-breadcrumb-separator">›</span><span class="aioseo-breadcrumb">
			AG Fakten und Themen
		</span></div>


<div class="wp-block-columns is-layout-flex wp-container-core-columns-is-layout-9d6595d7 wp-block-columns-is-layout-flex">
<div class="wp-block-column is-layout-flow wp-block-column-is-layout-flow" style="flex-basis:66.66%">
<h4 class="wp-block-heading">Themen der Arbeitsgruppe</h4>



<p>Im Gespräch mit anderen sollten wir wissen, wovon wir reden. Deshalb ist es wichtig, dass wir uns ein breites Faktenwissen aneignen. <br>In der Arbeitsgruppe beschäftigen wir uns mit aktuellen Fakten und Themen. Die Ergebnisse stellen wir zur Verfügung. <br>Wir bitten um Anregungen aus der Gruppe. <br>Interessentinnen sind herzlich willkommen.</p>
</div>



<div class="wp-block-column is-layout-flow wp-block-column-is-layout-flow" style="flex-basis:33.33%">
<h4 class="wp-block-heading">Anprechfrau:</h4>



<p><strong>Astrid Bodenstein</strong> (Kontakt kann bei <a href="mailto:omasgegenrechtsdresden@web.de" target="_blank" rel="noopener" title="">Orgateam</a> erfragt werden)</p>



<h4 class="wp-block-heading">Treffen:</h4>
</div>
</div>



<h4 class="wp-block-heading">Thema Identität</h4>



<div data-wp-interactive="core/file" class="wp-block-file"><object data-wp-bind--hidden="!state.hasPdfPreview" hidden class="wp-block-file__embed" data="https://www.omasgegenrechts-dresden.de/wp-content/uploads/2026/03/Identitaet.pdf" type="application/pdf" style="width:100%;height:200px" aria-label="Einbettung von Identität."></object><a id="wp-block-file--media-d96a59a0-e46e-4520-8f21-5094d7901877" href="https://www.omasgegenrechts-dresden.de/wp-content/uploads/2026/03/Identitaet.pdf">Identität</a><a href="https://www.omasgegenrechts-dresden.de/wp-content/uploads/2026/03/Identitaet.pdf" class="wp-block-file__button wp-element-button" download aria-describedby="wp-block-file--media-d96a59a0-e46e-4520-8f21-5094d7901877">Herunterladen</a></div>



<h4 class="wp-block-heading">Thema Heimat</h4>



<p>Herr Dr. Ulbricht hat uns freundlicherweise seinen Text „Sehnsuchtswort – Sehnsuchtsort – Praxisfeld oder: Wo ist Heimat? <br>Nachdenkliche Anmerkungen aus Dresden“ zur Veröffentlichung im internen Bereich von OGR.DD zur Verfügung gestellt. &nbsp;<br><strong>Weitere Verwendung dieses Textes bitte nur nach Rücksprache mit der AG „Fakten und Themen“.</strong></p>



<div data-wp-interactive="core/file" class="wp-block-file"><object data-wp-bind--hidden="!state.hasPdfPreview" hidden class="wp-block-file__embed" data="https://www.omasgegenrechts-dresden.de/wp-content/uploads/2026/04/Justus-H.-Ulbricht-Wo-ist-Heimat.pdf" type="application/pdf" style="width:100%;height:200px" aria-label="Einbettung von Justus H. Ulbricht - Wo ist Heimat."></object><a id="wp-block-file--media-3a6714fc-d4ca-4e0e-b8fa-ba78779f196e" href="https://www.omasgegenrechts-dresden.de/wp-content/uploads/2026/04/Justus-H.-Ulbricht-Wo-ist-Heimat.pdf">Justus H. Ulbricht &#8211; Wo ist Heimat</a><a href="https://www.omasgegenrechts-dresden.de/wp-content/uploads/2026/04/Justus-H.-Ulbricht-Wo-ist-Heimat.pdf" class="wp-block-file__button wp-element-button" download aria-describedby="wp-block-file--media-3a6714fc-d4ca-4e0e-b8fa-ba78779f196e">Herunterladen</a></div>



<div class="wp-block-buttons is-layout-flex wp-block-buttons-is-layout-flex">
<div class="wp-block-button"><a class="wp-block-button__link has-tertiary-background-color has-background wp-element-button" href="https://www.omasgegenrechts-dresden.de/index.php/intern/"><strong>zurück zur Startseite INTERN</strong></a></div>
</div>



<p></p>

<p>Themen der Arbeitsgruppe Im Gespräch mit anderen sollten wir wissen, wovon wir reden. Deshalb ist es wichtig, dass wir uns ein breites Faktenwissen aneignen. In der Arbeitsgruppe beschäftigen wir uns mit aktuellen Fakten und Themen. Die Ergebnisse stellen wir zur Verfügung. Wir bitten um Anregungen aus der Gruppe. Interessentinnen sind herzlich willkommen. Anprechfrau: Astrid Bodenstein (Kontakt kann bei Orgateam erfragt</p>
