{"id":3106,"date":"2026-03-29T17:42:08","date_gmt":"2026-03-29T15:42:08","guid":{"rendered":"https:\/\/www.omasgegenrechts-dresden.de\/?page_id=3106"},"modified":"2026-04-01T09:37:39","modified_gmt":"2026-04-01T07:37:39","slug":"ag-schulen","status":"publish","type":"page","link":"https:\/\/www.omasgegenrechts-dresden.de\/index.php\/intern\/ag-schulen\/","title":{"rendered":"AG Schulen"},"content":{"rendered":"<div class=\"aioseo-breadcrumbs\"><span class=\"aioseo-breadcrumb\">\n\t\t\t<a href=\"https:\/\/www.omasgegenrechts-dresden.de\" title=\"Home\">Home<\/a>\n\t\t<\/span><span class=\"aioseo-breadcrumb-separator\">\u203a<\/span><span class=\"aioseo-breadcrumb\">\n\t\t\t<a href=\"https:\/\/www.omasgegenrechts-dresden.de\/index.php\/intern\/\" title=\"Gesch\u00fctzt: Intern\">Gesch\u00fctzt: Intern<\/a>\n\t\t<\/span><span class=\"aioseo-breadcrumb-separator\">\u203a<\/span><span class=\"aioseo-breadcrumb\">\n\t\t\tAG Schulen\n\t\t<\/span><\/div>\n\n\n<div class=\"wp-block-columns is-layout-flex wp-container-core-columns-is-layout-9d6595d7 wp-block-columns-is-layout-flex\">\n<div class=\"wp-block-column is-layout-flow wp-block-column-is-layout-flow\" style=\"flex-basis:66.66%\">\n<h4 class=\"wp-block-heading\">Thema der Arbeitsgruppe<\/h4>\n\n\n\n<figure class=\"wp-block-image size-full\"><img loading=\"lazy\" decoding=\"async\" width=\"949\" height=\"711\" src=\"https:\/\/www.omasgegenrechts-dresden.de\/wp-content\/uploads\/2026\/04\/Gabi.jpg\" alt=\"\" class=\"wp-image-3151\" srcset=\"https:\/\/www.omasgegenrechts-dresden.de\/wp-content\/uploads\/2026\/04\/Gabi.jpg 949w, https:\/\/www.omasgegenrechts-dresden.de\/wp-content\/uploads\/2026\/04\/Gabi-300x225.jpg 300w, https:\/\/www.omasgegenrechts-dresden.de\/wp-content\/uploads\/2026\/04\/Gabi-768x575.jpg 768w\" sizes=\"auto, (max-width: 949px) 100vw, 949px\" \/><\/figure>\n\n\n\n<p>Wir wollen als OMAS GEGEN RECHTS in die Schulen gehen, um jungen Menschen demokratische Werte anschaulich erlebbar zu machen und den Heranwachsenden zu zeigen, wie zivilgesellschaftliches Engagement konkret aussehen kann.<\/p>\n<\/div>\n\n\n\n<div class=\"wp-block-column is-layout-flow wp-block-column-is-layout-flow\" style=\"flex-basis:33.33%\">\n<h4 class=\"wp-block-heading\">Ansprechfrau:<\/h4>\n\n\n\n<p><strong>Annemone Goldbach<\/strong> (Kontakt kann bei <a href=\"mailto:omasgegenrechtsdresden@web.de\" title=\"\">Orgateam<\/a> erfragt werden)<\/p>\n\n\n\n<h4 class=\"wp-block-heading\">Treffen:<\/h4>\n\n\n\n<p>unregelm\u00e4\u00dfig, nach Bedarf<\/p>\n<\/div>\n<\/div>\n\n\n\n<h4 class=\"wp-block-heading\">Aktivit\u00e4ten<\/h4>\n\n\n\n<p><strong>Allgemeine Auftritte in Schulen, z.B. Beteiligung an Projektwochen<\/strong><\/p>\n\n\n\n<ul class=\"wp-block-list\">\n<li>Vorstellung von OGR, Gespr\u00e4ch mit Sch\u00fclerinnen und Sch\u00fclern<\/li>\n\n\n\n<li>ggf. Spiele wie OMA-Memory, Gl\u00fccksrad<\/li>\n<\/ul>\n\n\n\n<p><strong>Workshop-Angebot &#8220;No ate &#8211; Debate!&#8221;<\/strong><\/p>\n\n\n\n<ul class=\"wp-block-list\">\n<li>Bewusstsein f\u00fcr Hate Speech sch\u00e4rfen und konstruktive Debattenkultur f\u00f6rdern<\/li>\n<\/ul>\n\n\n\n<div data-wp-interactive=\"core\/file\" class=\"wp-block-file\"><object data-wp-bind--hidden=\"!state.hasPdfPreview\" hidden class=\"wp-block-file__embed\" data=\"https:\/\/www.omasgegenrechts-dresden.de\/wp-content\/uploads\/2026\/03\/Ablaufplan-Workshop-No-Hate-debate.pdf\" type=\"application\/pdf\" style=\"width:100%;height:200px\" aria-label=\"Einbettung von Ablaufplan Workshop No Hate-debate.\"><\/object><a id=\"wp-block-file--media-59258d94-55d3-4b95-9297-4a3388333f91\" href=\"https:\/\/www.omasgegenrechts-dresden.de\/wp-content\/uploads\/2026\/03\/Ablaufplan-Workshop-No-Hate-debate.pdf\">Ablaufplan Workshop No Hate-debate<\/a><a href=\"https:\/\/www.omasgegenrechts-dresden.de\/wp-content\/uploads\/2026\/03\/Ablaufplan-Workshop-No-Hate-debate.pdf\" class=\"wp-block-file__button wp-element-button\" download aria-describedby=\"wp-block-file--media-59258d94-55d3-4b95-9297-4a3388333f91\">Herunterladen<\/a><\/div>\n\n\n\n<p><strong>Workshop-Angebot &#8220;M\u00fcssen wir die Demokratie retten? Omas suchen das Gespr\u00e4ch.&#8221;<\/strong><\/p>\n\n\n\n<ul class=\"wp-block-list\">\n<li>Bewusstsein f\u00fcr Demokratie sch\u00e4rfen und konstruktive Debattenkultur f\u00f6rdern<\/li>\n\n\n\n<li>Jugendliche dazu ermutigen, sich f\u00fcr demokratische Werte zu engagieren<\/li>\n<\/ul>\n\n\n\n<div data-wp-interactive=\"core\/file\" class=\"wp-block-file\"><object data-wp-bind--hidden=\"!state.hasPdfPreview\" hidden class=\"wp-block-file__embed\" data=\"https:\/\/www.omasgegenrechts-dresden.de\/wp-content\/uploads\/2026\/03\/Ablaufplan-Workshop-Muessen-wir-die-Demokratie-retten-OMAS-suchen-das-Gespraech.pdf\" type=\"application\/pdf\" style=\"width:100%;height:200px\" aria-label=\"Einbettung von Ablaufplan Workshop M\u00fcssen wir die Demokratie retten - OMAS suchen das Gespr\u00e4ch.\"><\/object><a id=\"wp-block-file--media-a3a8f32e-3569-4e9a-83e9-70bec71c8514\" href=\"https:\/\/www.omasgegenrechts-dresden.de\/wp-content\/uploads\/2026\/03\/Ablaufplan-Workshop-Muessen-wir-die-Demokratie-retten-OMAS-suchen-das-Gespraech.pdf\">Ablaufplan Workshop M\u00fcssen wir die Demokratie retten &#8211; OMAS suchen das Gespr\u00e4ch<\/a><a href=\"https:\/\/www.omasgegenrechts-dresden.de\/wp-content\/uploads\/2026\/03\/Ablaufplan-Workshop-Muessen-wir-die-Demokratie-retten-OMAS-suchen-das-Gespraech.pdf\" class=\"wp-block-file__button wp-element-button\" download aria-describedby=\"wp-block-file--media-a3a8f32e-3569-4e9a-83e9-70bec71c8514\">Herunterladen<\/a><\/div>\n\n\n\n<p>Weitere Workshop-Angebote erarbeiten wir gern.<\/p>\n\n\n\n<p class=\"has-text-align-center\"><strong>Wir freuen uns immer \u00fcber neue Mitstreiterinnen<\/strong>\ud83d\ude0a<\/p>\n\n\n\n<div class=\"wp-block-buttons is-layout-flex wp-block-buttons-is-layout-flex\">\n<div class=\"wp-block-button\"><a class=\"wp-block-button__link wp-element-button\" href=\"https:\/\/www.omasgegenrechts-dresden.de\/index.php\/intern\/\"><strong>zur\u00fcck zur Startseite INTERN<\/strong><\/a><\/div>\n<\/div>\n","protected":false},"excerpt":{"rendered":"<p>Thema der Arbeitsgruppe Wir wollen als OMAS GEGEN RECHTS in die Schulen gehen, um jungen Menschen demokratische Werte anschaulich erlebbar zu machen und den Heranwachsenden zu zeigen, wie zivilgesellschaftliches Engagement konkret aussehen kann. Ansprechfrau: Annemone Goldbach (Kontakt kann bei Orgateam erfragt werden) Treffen: unregelm\u00e4\u00dfig, nach Bedarf Aktivit\u00e4ten Allgemeine Auftritte in Schulen, z.B. Beteiligung an Projektwochen Workshop-Angebot &#8220;No ate &#8211; Debate!&#8221;<\/p>\n","protected":false},"author":5,"featured_media":0,"parent":3070,"menu_order":0,"comment_status":"closed","ping_status":"closed","template":"","meta":{"om_disable_all_campaigns":false,"_monsterinsights_skip_tracking":false,"_monsterinsights_sitenote_active":false,"_monsterinsights_sitenote_note":"","_monsterinsights_sitenote_category":0,"footnotes":""},"class_list":["post-3106","page","type-page","status-publish","hentry"],"aioseo_notices":[],"_links":{"self":[{"href":"https:\/\/www.omasgegenrechts-dresden.de\/index.php\/wp-json\/wp\/v2\/pages\/3106","targetHints":{"allow":["GET"]}}],"collection":[{"href":"https:\/\/www.omasgegenrechts-dresden.de\/index.php\/wp-json\/wp\/v2\/pages"}],"about":[{"href":"https:\/\/www.omasgegenrechts-dresden.de\/index.php\/wp-json\/wp\/v2\/types\/page"}],"author":[{"embeddable":true,"href":"https:\/\/www.omasgegenrechts-dresden.de\/index.php\/wp-json\/wp\/v2\/users\/5"}],"replies":[{"embeddable":true,"href":"https:\/\/www.omasgegenrechts-dresden.de\/index.php\/wp-json\/wp\/v2\/comments?post=3106"}],"version-history":[{"count":10,"href":"https:\/\/www.omasgegenrechts-dresden.de\/index.php\/wp-json\/wp\/v2\/pages\/3106\/revisions"}],"predecessor-version":[{"id":3164,"href":"https:\/\/www.omasgegenrechts-dresden.de\/index.php\/wp-json\/wp\/v2\/pages\/3106\/revisions\/3164"}],"up":[{"embeddable":true,"href":"https:\/\/www.omasgegenrechts-dresden.de\/index.php\/wp-json\/wp\/v2\/pages\/3070"}],"wp:attachment":[{"href":"https:\/\/www.omasgegenrechts-dresden.de\/index.php\/wp-json\/wp\/v2\/media?parent=3106"}],"curies":[{"name":"wp","href":"https:\/\/api.w.org\/{rel}","templated":true}]}}

<div class="aioseo-breadcrumbs"><span class="aioseo-breadcrumb">
			<a href="https://www.omasgegenrechts-dresden.de" title="Home">Home</a>
		</span><span class="aioseo-breadcrumb-separator">›</span><span class="aioseo-breadcrumb">
			<a href="https://www.omasgegenrechts-dresden.de/index.php/intern/" title="Geschützt: Intern">Geschützt: Intern</a>
		</span><span class="aioseo-breadcrumb-separator">›</span><span class="aioseo-breadcrumb">
			AG Schulen
		</span></div>


<div class="wp-block-columns is-layout-flex wp-container-core-columns-is-layout-9d6595d7 wp-block-columns-is-layout-flex">
<div class="wp-block-column is-layout-flow wp-block-column-is-layout-flow" style="flex-basis:66.66%">
<h4 class="wp-block-heading">Thema der Arbeitsgruppe</h4>



<figure class="wp-block-image size-full"><img loading="lazy" decoding="async" width="949" height="711" src="https://www.omasgegenrechts-dresden.de/wp-content/uploads/2026/04/Gabi.jpg" alt="" class="wp-image-3151" srcset="https://www.omasgegenrechts-dresden.de/wp-content/uploads/2026/04/Gabi.jpg 949w, https://www.omasgegenrechts-dresden.de/wp-content/uploads/2026/04/Gabi-300x225.jpg 300w, https://www.omasgegenrechts-dresden.de/wp-content/uploads/2026/04/Gabi-768x575.jpg 768w" sizes="auto, (max-width: 949px) 100vw, 949px" /></figure>



<p>Wir wollen als OMAS GEGEN RECHTS in die Schulen gehen, um jungen Menschen demokratische Werte anschaulich erlebbar zu machen und den Heranwachsenden zu zeigen, wie zivilgesellschaftliches Engagement konkret aussehen kann.</p>
</div>



<div class="wp-block-column is-layout-flow wp-block-column-is-layout-flow" style="flex-basis:33.33%">
<h4 class="wp-block-heading">Ansprechfrau:</h4>



<p><strong>Annemone Goldbach</strong> (Kontakt kann bei <a href="mailto:omasgegenrechtsdresden@web.de" title="">Orgateam</a> erfragt werden)</p>



<h4 class="wp-block-heading">Treffen:</h4>



<p>unregelmäßig, nach Bedarf</p>
</div>
</div>



<h4 class="wp-block-heading">Aktivitäten</h4>



<p><strong>Allgemeine Auftritte in Schulen, z.B. Beteiligung an Projektwochen</strong></p>



<ul class="wp-block-list">
<li>Vorstellung von OGR, Gespräch mit Schülerinnen und Schülern</li>



<li>ggf. Spiele wie OMA-Memory, Glücksrad</li>
</ul>



<p><strong>Workshop-Angebot &#8220;No ate &#8211; Debate!&#8221;</strong></p>



<ul class="wp-block-list">
<li>Bewusstsein für Hate Speech schärfen und konstruktive Debattenkultur fördern</li>
</ul>



<div data-wp-interactive="core/file" class="wp-block-file"><object data-wp-bind--hidden="!state.hasPdfPreview" hidden class="wp-block-file__embed" data="https://www.omasgegenrechts-dresden.de/wp-content/uploads/2026/03/Ablaufplan-Workshop-No-Hate-debate.pdf" type="application/pdf" style="width:100%;height:200px" aria-label="Einbettung von Ablaufplan Workshop No Hate-debate."></object><a id="wp-block-file--media-59258d94-55d3-4b95-9297-4a3388333f91" href="https://www.omasgegenrechts-dresden.de/wp-content/uploads/2026/03/Ablaufplan-Workshop-No-Hate-debate.pdf">Ablaufplan Workshop No Hate-debate</a><a href="https://www.omasgegenrechts-dresden.de/wp-content/uploads/2026/03/Ablaufplan-Workshop-No-Hate-debate.pdf" class="wp-block-file__button wp-element-button" download aria-describedby="wp-block-file--media-59258d94-55d3-4b95-9297-4a3388333f91">Herunterladen</a></div>



<p><strong>Workshop-Angebot &#8220;Müssen wir die Demokratie retten? Omas suchen das Gespräch.&#8221;</strong></p>



<ul class="wp-block-list">
<li>Bewusstsein für Demokratie schärfen und konstruktive Debattenkultur fördern</li>



<li>Jugendliche dazu ermutigen, sich für demokratische Werte zu engagieren</li>
</ul>



<div data-wp-interactive="core/file" class="wp-block-file"><object data-wp-bind--hidden="!state.hasPdfPreview" hidden class="wp-block-file__embed" data="https://www.omasgegenrechts-dresden.de/wp-content/uploads/2026/03/Ablaufplan-Workshop-Muessen-wir-die-Demokratie-retten-OMAS-suchen-das-Gespraech.pdf" type="application/pdf" style="width:100%;height:200px" aria-label="Einbettung von Ablaufplan Workshop Müssen wir die Demokratie retten - OMAS suchen das Gespräch."></object><a id="wp-block-file--media-a3a8f32e-3569-4e9a-83e9-70bec71c8514" href="https://www.omasgegenrechts-dresden.de/wp-content/uploads/2026/03/Ablaufplan-Workshop-Muessen-wir-die-Demokratie-retten-OMAS-suchen-das-Gespraech.pdf">Ablaufplan Workshop Müssen wir die Demokratie retten &#8211; OMAS suchen das Gespräch</a><a href="https://www.omasgegenrechts-dresden.de/wp-content/uploads/2026/03/Ablaufplan-Workshop-Muessen-wir-die-Demokratie-retten-OMAS-suchen-das-Gespraech.pdf" class="wp-block-file__button wp-element-button" download aria-describedby="wp-block-file--media-a3a8f32e-3569-4e9a-83e9-70bec71c8514">Herunterladen</a></div>



<p>Weitere Workshop-Angebote erarbeiten wir gern.</p>



<p class="has-text-align-center"><strong>Wir freuen uns immer über neue Mitstreiterinnen</strong>😊</p>



<div class="wp-block-buttons is-layout-flex wp-block-buttons-is-layout-flex">
<div class="wp-block-button"><a class="wp-block-button__link wp-element-button" href="https://www.omasgegenrechts-dresden.de/index.php/intern/"><strong>zurück zur Startseite INTERN</strong></a></div>
</div>

<p>Thema der Arbeitsgruppe Wir wollen als OMAS GEGEN RECHTS in die Schulen gehen, um jungen Menschen demokratische Werte anschaulich erlebbar zu machen und den Heranwachsenden zu zeigen, wie zivilgesellschaftliches Engagement konkret aussehen kann. Ansprechfrau: Annemone Goldbach (Kontakt kann bei Orgateam erfragt werden) Treffen: unregelmäßig, nach Bedarf Aktivitäten Allgemeine Auftritte in Schulen, z.B. Beteiligung an Projektwochen Workshop-Angebot &#8220;No ate &#8211; Debate!&#8221;</p>
