{"id":44,"date":"2021-11-29T15:46:08","date_gmt":"2021-11-29T14:46:08","guid":{"rendered":"http:\/\/www.omasgegenrechts-dresden.de\/?page_id=44"},"modified":"2025-11-07T05:38:47","modified_gmt":"2025-11-07T04:38:47","slug":"presse","status":"publish","type":"page","link":"https:\/\/www.omasgegenrechts-dresden.de\/index.php\/presse\/","title":{"rendered":"Presse"},"content":{"rendered":"\n<p>Hier sammeln wir Presse-Ver\u00f6ffentlichungen \u00fcber die OMAS GEGEN RECHTS.DRESDEN. <br><em>(Wir versuchen, vorwiegend Presse-Ver\u00f6ffentlichungen ohne Bezahlschranke anzubieten, leider ist das aber nicht immer m\u00f6glich.)<\/em><\/p>\n\n\n\n<p><a href=\"https:\/\/www.watson.ch\/international\/deutschland\/348408816-gegen-nazis-und-die-afd-treffen-in-dresden-mit-den-omas-gegen-rechts\" target=\"_blank\" rel=\"noopener\" title=\"\">Gegen Nazis und die Ideologie der AfD \u2013 zu Besuch bei den \u00abOmas gegen Rechts\u00bb (watson 02\/2025)<\/a><\/p>\n\n\n\n<blockquote class=\"wp-block-quote is-layout-flow wp-block-quote-is-layout-flow\">\n<p>In Deutschland erstarken rechtsextreme Kr\u00e4fte. Die \u00abOmas gegen Rechts\u00bb nehmen das nicht einfach so hin. Sie demonstrieren, informieren, rufen zur Wahl auf. Der AfD sind sie darum ein Dorn im Auge. watson hat vier \u00abOmas gegen Rechts\u00bb in Dresden getroffen.<\/p>\n<\/blockquote>\n\n\n\n<p><a href=\"https:\/\/www.saechsische.de\/politik\/regional\/letzter-pegida-protest-in-dresden-1000-menschen-feiern-mit-sekt-und-musik-BCJNRBENGRDZDMS2FR75UEPULY.html\" target=\"_blank\" rel=\"noopener\" title=\"\">S\u00e4chsische Zeitung: 20.10.2024<\/a> (Mit Sekt und Musik: Abgesang auf Pegida in Dresden)<\/p>\n\n\n\n<blockquote class=\"wp-block-quote is-layout-flow wp-block-quote-is-layout-flow\">\n<p class=\"has-small-font-size\">Das hofft auch Greta Schmidt. Sie steht an diesem Tag gemeinsam mit anderen Damen vor der B\u00fchne. Mehrere von ihnen haben wei\u00dfe Schirme mit schwarzem Aufdruck dabei: \u201eOmas gegen Rechts\u201c steht darauf. Greta Schmidt hat die Gruppe 2019 in Dresden gegr\u00fcndet.<\/p>\n<cite><a href=\"https:\/\/www.saechsische.de\/politik\/regional\/letzter-pegida-protest-in-dresden-1000-menschen-feiern-mit-sekt-und-musik-BCJNRBENGRDZDMS2FR75UEPULY.html\" target=\"_blank\" rel=\"noopener\" title=\"\"><sub><sup>S\u00e4chsische Zeitung: 20.10.2024<\/sup><\/sub><\/a><\/cite><\/blockquote>\n\n\n\n<p><a href=\"https:\/\/www.saechsische.de\/dresden\/lokales\/13-februar-gedenken-dresden-bombennacht-zerstoerung-afd-5965713-plus.html\" target=\"_blank\" rel=\"noopener\" title=\"\">S\u00e4chsische Zeitung: 13.02.2024<\/a> (Gedenken an die Bombennacht von Dresden: &#8220;Wir wollen uns mit W\u00fcrde erinnern&#8221;) <\/p>\n\n\n\n<blockquote class=\"wp-block-quote is-layout-flow wp-block-quote-is-layout-flow\">\n<p class=\"has-small-font-size\">Auf dem Postplatz etwa haben sich am Mittag eine Handvoll Frauen zu einer Mahnwache f\u00fcr Frieden und gegen Krieg und Gewalt versammelt. Es sind die &#8220;Omas gegen Rechts&#8221;. Der Zweite Weltkrieg habe das Leid zur\u00fcck nach Deutschland und Dresden gebracht, sagt Astrid Bodenstein. &#8220;Auch 2024 stehen wir weltweit vor Kriegen und kriegs\u00e4hnlichen Konflikten mit \u00e4hnlichen Folgen wie 1945: Tod, Traumata und Zerst\u00f6rung.&#8221;<\/p>\n<cite><a href=\"https:\/\/www.saechsische.de\/dresden\/lokales\/13-februar-gedenken-dresden-bombennacht-zerstoerung-afd-5965713-plus.html\" target=\"_blank\" rel=\"noopener\" title=\"\"><sub><sup>S\u00e4chsische Zeitung: 13.02.2024<\/sup><\/sub><\/a><\/cite><\/blockquote>\n\n\n\n<p><a href=\"https:\/\/www.saechsische.de\/dresden\/ich-und-mein-schild-demo-in-dresden-5961912-plus.html\" target=\"_blank\" rel=\"noopener\" title=\"\">S\u00e4chsische Zeitung: 04.02.2024<\/a> (&#8220;Acht Demo-Schilder gegen Rechts und ihre Geschichten&#8221;) &#8211; unsere OMA Monika mit Enkelin in Bild und Wort<\/p>\n\n\n\n<blockquote class=\"wp-block-quote is-layout-flow wp-block-quote-is-layout-flow\">\n<p class=\"has-small-font-size\">&#8220;Der Rechtsruck hier in Deutschland macht mir gro\u00dfe Sorgen. Rechts sein bedeutet f\u00fcr mich, dass Menschen abgewertet werden, dass von oben auf sie herabgeschaut wird. Ich f\u00fcrchte mich davor, dass sich die Geschichte wiederholt. Deshalb sind wir hier und demonstrieren f\u00fcr Toleranz, Menschenw\u00fcrde, Meinungsfreiheit und eine gesunde Umwelt.&#8221;<\/p>\n<cite><a href=\"https:\/\/www.saechsische.de\/sachsen\/demo-gegen-rechts-in-dresden-acht-schilder-und-ihre-geschichten-A66XEYTUEGPZIDFODT34JGOAYU.html\" target=\"_blank\" rel=\"noopener\" title=\"\"><sub><sup>S\u00e4chsische Zeitung: 04.02.2024<\/sup><\/sub><\/a><\/cite><\/blockquote>\n\n\n\n<p><a href=\"https:\/\/www.saechsische.de\/dresden\/lokales\/omas-gegen-rechts-in-dresden-dahin-wos-wehtut-zivilcourage-debattenkultur-gespraeche-hass-5894758.html\" target=\"_blank\" rel=\"noopener\" title=\"\">S\u00e4chsische Zeitung: 20.08.2023<\/a> (&#8220;Omas gegen Rechts&#8221; in Dresden: Dahin gehen, wo&#8217;s wehtut)<\/p>\n\n\n\n<p><a href=\"https:\/\/www.sueddeutsche.de\/politik\/geschichte-dresden-lauter-protest-gegen-neonazi-aufzug-in-dresden-viel-polizei-dpa.urn-newsml-dpa-com-20090101-230211-99-559684\" target=\"_blank\" rel=\"noopener\" title=\"S\u00fcddeutsche Zeitung: 11.02.2023\">S\u00fcddeutsche Zeitung: 11.02.2023<\/a> (&#8220;Lauter Protest gegen Neonazi-Aufzug in Dresden: viel Polizei&#8221;)<\/p>\n\n\n\n<p><a href=\"https:\/\/taz.de\/Dresden-gedenkt-der-Bombardierung-1945\/!5911207\/\" target=\"_blank\" rel=\"noopener\" title=\"taz: 10.02.2023\">taz: 10.02.2023<\/a> (&#8220;Konfrontatives Erinnern&#8221;)<\/p>\n\n\n\n<p><a href=\"https:\/\/www.saechsische.de\/dresden\/wir-wollen-verhindern-dass-neonazis-durch-dresden-laufen-5818775.html\" target=\"_blank\" rel=\"noopener\" title=\"S\u00e4chsische Zeitung: 08.02.2023\">S\u00e4chsische Zeitung: 08.02.2023<\/a> (&#8220;Neue Initiative will Neonazi-Aufm\u00e4rsche in Dresden stoppen&#8221;)<\/p>\n\n\n\n<p><a href=\"https:\/\/www.saechsische.de\/dresden\/lokales\/omas-gegen-rechts-5580014-plus.html\" target=\"_blank\" rel=\"noreferrer noopener\">S\u00e4chsische Zeitung: 07.12.2021<\/a><\/p>\n\n\n\n<p><a rel=\"noreferrer noopener\" href=\"https:\/\/www.saechsische.de\/pirna\/politik\/omas-machen-gegen-rechts-dresden-dohna-buergerinitiative-5558874-plus.html\" target=\"_blank\">S\u00e4chsische Zeitung: 09.11.2021<\/a><\/p>\n\n\n\n<p><a rel=\"noreferrer noopener\" href=\"https:\/\/www.dnn.de\/Dresden\/Lokales\/Dresden-Die-Omas-gegen-Rechts-engagieren-sich-fuer-die-Jugend\" target=\"_blank\">Dresdner Neueste Nachrichten: 18.10.2021<\/a><\/p>\n\n\n\n<p><a href=\"https:\/\/www.sachsen-fernsehen.de\/vor-synagoge-demo-gegen-judenhass-querdenken-pegida-958188\/\" target=\"_blank\" rel=\"noreferrer noopener\">Sachsen Fernsehen: 24.06.2021<\/a><\/p>\n\n\n\n<p><a href=\"https:\/\/www.tagesspiegel.de\/politik\/demonstrationen-gegen-200-pegida-spaziergang-hunderte-protestieren-in-dresden-gegen-bjoern-hoecke-und-pegida\/25555584.html\" target=\"_blank\" rel=\"noreferrer noopener\">Tagesspiegel: 17.02.2020<\/a><\/p>\n\n\n\n<p><a href=\"https:\/\/www.dw.com\/de\/des-nazis-alte-feindin\/a-55545114\" target=\"_blank\" rel=\"noreferrer noopener\">Deutsche Welle: 09.11.2020<\/a><\/p>\n","protected":false},"excerpt":{"rendered":"<p>Hier sammeln wir Presse-Ver\u00f6ffentlichungen \u00fcber die OMAS GEGEN RECHTS.DRESDEN. (Wir versuchen, vorwiegend Presse-Ver\u00f6ffentlichungen ohne Bezahlschranke anzubieten, leider ist das aber nicht immer m\u00f6glich.) Gegen Nazis und die Ideologie der AfD \u2013 zu Besuch bei den \u00abOmas gegen Rechts\u00bb (watson 02\/2025) In Deutschland erstarken rechtsextreme Kr\u00e4fte. Die \u00abOmas gegen Rechts\u00bb nehmen das nicht einfach so hin. Sie demonstrieren, informieren, rufen zur<\/p>\n","protected":false},"author":1,"featured_media":0,"parent":0,"menu_order":0,"comment_status":"closed","ping_status":"closed","template":"","meta":{"om_disable_all_campaigns":false,"_monsterinsights_skip_tracking":false,"_monsterinsights_sitenote_active":false,"_monsterinsights_sitenote_note":"","_monsterinsights_sitenote_category":0,"footnotes":""},"class_list":["post-44","page","type-page","status-publish","hentry"],"aioseo_notices":[],"_links":{"self":[{"href":"https:\/\/www.omasgegenrechts-dresden.de\/index.php\/wp-json\/wp\/v2\/pages\/44","targetHints":{"allow":["GET"]}}],"collection":[{"href":"https:\/\/www.omasgegenrechts-dresden.de\/index.php\/wp-json\/wp\/v2\/pages"}],"about":[{"href":"https:\/\/www.omasgegenrechts-dresden.de\/index.php\/wp-json\/wp\/v2\/types\/page"}],"author":[{"embeddable":true,"href":"https:\/\/www.omasgegenrechts-dresden.de\/index.php\/wp-json\/wp\/v2\/users\/1"}],"replies":[{"embeddable":true,"href":"https:\/\/www.omasgegenrechts-dresden.de\/index.php\/wp-json\/wp\/v2\/comments?post=44"}],"version-history":[{"count":28,"href":"https:\/\/www.omasgegenrechts-dresden.de\/index.php\/wp-json\/wp\/v2\/pages\/44\/revisions"}],"predecessor-version":[{"id":2865,"href":"https:\/\/www.omasgegenrechts-dresden.de\/index.php\/wp-json\/wp\/v2\/pages\/44\/revisions\/2865"}],"wp:attachment":[{"href":"https:\/\/www.omasgegenrechts-dresden.de\/index.php\/wp-json\/wp\/v2\/media?parent=44"}],"curies":[{"name":"wp","href":"https:\/\/api.w.org\/{rel}","templated":true}]}}