{"id":1220,"date":"2024-01-27T16:44:28","date_gmt":"2024-01-27T15:44:28","guid":{"rendered":"https:\/\/www.omasgegenrechts-dresden.de\/?post_type=tribe_events&#038;p=1220"},"modified":"2024-01-27T16:47:27","modified_gmt":"2024-01-27T15:47:27","slug":"grosser-aktionstag-in-dresden-brandmauer-gegen-rechts","status":"publish","type":"tribe_events","link":"https:\/\/www.omasgegenrechts-dresden.de\/index.php\/termine\/grosser-aktionstag-in-dresden-brandmauer-gegen-rechts\/","title":{"rendered":"Gro\u00dfer Aktionstag in Dresden: Brandmauer gegen Rechts"},"content":{"rendered":"<p>Wir teilen den Aufruf der\u00a0<span class=\"xt0psk2\"><a class=\"x1i10hfl xjbqb8w x6umtig x1b1mbwd xaqea5y xav7gou x9f619 x1ypdohk xt0psk2 xe8uvvx xdj266r x11i5rnm xat24cr x1mh8g0r xexx8yu x4uap5 x18d9i69 xkhd6sd x16tdsg8 x1hl2dhg xggy1nq x1a2a7pz xt0b8zv xzsf02u x1s688f\" tabindex=\"0\" role=\"link\" href=\"https:\/\/www.facebook.com\/tuuwi?__cft__[0]=AZVRexTThhJHFD1CTUF-q5akAmttXs0_kv9F92NOJS1Rxuw1IEpR9blv0HBY9tHTSHO9N4D26lJfWtMRIyNxcf6IwOax0kNYV6wYT1OCIXmgaw_JQ1fB0U7xcuV9FKcVxhDzP8JWf8v4pDty0_i-ueBO9358523F8DzLSsCgpfb9cqa-8CECcVp5pq0KRRT3oFM&amp;__tn__=-UC%2CP-R\">TU-Umweltinitiative<\/a><\/span>:<\/p>\n<div class=\"xdj266r x11i5rnm xat24cr x1mh8g0r x1vvkbs x126k92a\">\n<div dir=\"auto\"><strong><em>Gro\u00dfer Aktionstag f\u00fcr unsere Demokratie und Solidarit\u00e4t statt Spaltung<\/em><\/strong><\/div>\n<\/div>\n<div class=\"x11i5rnm xat24cr x1mh8g0r x1vvkbs xtlvy1s x126k92a\">\n<div dir=\"auto\"><em><span class=\"x3nfvp2 x1j61x8r x1fcty0u xdj266r xhhsvwb xat24cr xgzva0m xxymvpz xlup9mm x1kky2od\"><img loading=\"lazy\" decoding=\"async\" class=\"xz74otr\" src=\"https:\/\/static.xx.fbcdn.net\/images\/emoji.php\/v9\/t5c\/1\/16\/1f5d3.png\" alt=\"\ud83d\uddd3\" width=\"16\" height=\"16\" \/><\/span> 3. Februar<\/em><\/div>\n<div dir=\"auto\"><em><span class=\"x3nfvp2 x1j61x8r x1fcty0u xdj266r xhhsvwb xat24cr xgzva0m xxymvpz xlup9mm x1kky2od\"><img loading=\"lazy\" decoding=\"async\" class=\"xz74otr\" src=\"https:\/\/static.xx.fbcdn.net\/images\/emoji.php\/v9\/t34\/1\/16\/23f0.png\" alt=\"\u23f0\" width=\"16\" height=\"16\" \/><\/span> ab 13 Uhr<\/em><\/div>\n<div dir=\"auto\"><em><span class=\"x3nfvp2 x1j61x8r x1fcty0u xdj266r xhhsvwb xat24cr xgzva0m xxymvpz xlup9mm x1kky2od\"><img loading=\"lazy\" decoding=\"async\" class=\"xz74otr\" src=\"https:\/\/static.xx.fbcdn.net\/images\/emoji.php\/v9\/t2d\/1\/16\/1f4cd.png\" alt=\"\ud83d\udccd\" width=\"16\" height=\"16\" \/><\/span> Dresden, Theaterplatz<\/em><\/div>\n<\/div>\n<div class=\"x11i5rnm xat24cr x1mh8g0r x1vvkbs xtlvy1s x126k92a\">\n<div dir=\"auto\"><em>Die Zivilgesellschaft steht geschlossen auf! Auf den Demonstrationen der vergangenen Wochen haben wir gezeigt, dass wir die demokratische Mehrheit sind. Die Rechten bekommen unsere Gleichg\u00fcltigkeit nicht. Doch das kann erst der Anfang sein! JETZT ist die Zeit, in der wir sichtbar und h\u00f6rbar bleiben m\u00fcssen! Schlie\u00df auch Du Dich der Brandmauer gegen rechts an!<\/em><\/div>\n<div dir=\"auto\"><em style=\"font-size: 1.125rem;\">Unsere Demokratie ist in Gefahr. Das d\u00fcrfen wir nicht l\u00e4nger hinnehmen. Treten wir ein f\u00fcr Solidarit\u00e4t und Respekt, gegen Hass und Hetze. F\u00fcr Gerechtigkeit und Toleranz, gegen Spaltung. F\u00fcr eine Gesellschaft, die niemanden zur\u00fcckl\u00e4sst, f\u00fcr Menschenw\u00fcrde, gegen Ausgrenzung.<\/em><\/div>\n<div dir=\"auto\"><em style=\"font-size: 1.125rem;\">Wir schauen dem Rechtsruck in Deutschland, Europa und vor allem bei uns in Sachsen nicht mehr passiv zu. Schweigen ist keine Option. Nie wieder ist jetzt.<\/em><\/div>\n<\/div>\n","protected":false},"excerpt":{"rendered":"<p>Wir teilen den Aufruf der\u00a0TU-Umweltinitiative: Gro\u00dfer Aktionstag f\u00fcr unsere Demokratie und Solidarit\u00e4t statt Spaltung 3. Februar ab 13 Uhr Dresden, Theaterplatz Die Zivilgesellschaft steht geschlossen auf! Auf den Demonstrationen der vergangenen Wochen haben wir gezeigt, dass wir die demokratische Mehrheit sind. Die Rechten bekommen unsere Gleichg\u00fcltigkeit nicht. Doch das kann erst der Anfang sein! JETZT ist die Zeit, in der<\/p>\n","protected":false},"author":1,"featured_media":1221,"comment_status":"closed","ping_status":"closed","template":"","meta":{"om_disable_all_campaigns":false,"_monsterinsights_skip_tracking":false,"_monsterinsights_sitenote_active":false,"_monsterinsights_sitenote_note":"","_monsterinsights_sitenote_category":0,"_tribe_events_status":"","_tribe_events_status_reason":"","footnotes":""},"tags":[],"tribe_events_cat":[16],"class_list":["post-1220","tribe_events","type-tribe_events","status-publish","has-post-thumbnail","hentry","tribe_events_cat-demo","cat_demo"],"aioseo_notices":[],"_links":{"self":[{"href":"https:\/\/www.omasgegenrechts-dresden.de\/index.php\/wp-json\/wp\/v2\/tribe_events\/1220","targetHints":{"allow":["GET"]}}],"collection":[{"href":"https:\/\/www.omasgegenrechts-dresden.de\/index.php\/wp-json\/wp\/v2\/tribe_events"}],"about":[{"href":"https:\/\/www.omasgegenrechts-dresden.de\/index.php\/wp-json\/wp\/v2\/types\/tribe_events"}],"author":[{"embeddable":true,"href":"https:\/\/www.omasgegenrechts-dresden.de\/index.php\/wp-json\/wp\/v2\/users\/1"}],"replies":[{"embeddable":true,"href":"https:\/\/www.omasgegenrechts-dresden.de\/index.php\/wp-json\/wp\/v2\/comments?post=1220"}],"version-history":[{"count":1,"href":"https:\/\/www.omasgegenrechts-dresden.de\/index.php\/wp-json\/wp\/v2\/tribe_events\/1220\/revisions"}],"predecessor-version":[{"id":1223,"href":"https:\/\/www.omasgegenrechts-dresden.de\/index.php\/wp-json\/wp\/v2\/tribe_events\/1220\/revisions\/1223"}],"wp:featuredmedia":[{"embeddable":true,"href":"https:\/\/www.omasgegenrechts-dresden.de\/index.php\/wp-json\/wp\/v2\/media\/1221"}],"wp:attachment":[{"href":"https:\/\/www.omasgegenrechts-dresden.de\/index.php\/wp-json\/wp\/v2\/media?parent=1220"}],"wp:term":[{"taxonomy":"post_tag","embeddable":true,"href":"https:\/\/www.omasgegenrechts-dresden.de\/index.php\/wp-json\/wp\/v2\/tags?post=1220"},{"taxonomy":"tribe_events_cat","embeddable":true,"href":"https:\/\/www.omasgegenrechts-dresden.de\/index.php\/wp-json\/wp\/v2\/tribe_events_cat?post=1220"}],"curies":[{"name":"wp","href":"https:\/\/api.w.org\/{rel}","templated":true}]}}

Großer Aktionstag in Dresden: Brandmauer gegen Rechts

<p>Wir teilen den Aufruf der <span class="xt0psk2"><a class="x1i10hfl xjbqb8w x6umtig x1b1mbwd xaqea5y xav7gou x9f619 x1ypdohk xt0psk2 xe8uvvx xdj266r x11i5rnm xat24cr x1mh8g0r xexx8yu x4uap5 x18d9i69 xkhd6sd x16tdsg8 x1hl2dhg xggy1nq x1a2a7pz xt0b8zv xzsf02u x1s688f" tabindex="0" role="link" href="https://www.facebook.com/tuuwi?__cft__[0]=AZVRexTThhJHFD1CTUF-q5akAmttXs0_kv9F92NOJS1Rxuw1IEpR9blv0HBY9tHTSHO9N4D26lJfWtMRIyNxcf6IwOax0kNYV6wYT1OCIXmgaw_JQ1fB0U7xcuV9FKcVxhDzP8JWf8v4pDty0_i-ueBO9358523F8DzLSsCgpfb9cqa-8CECcVp5pq0KRRT3oFM&amp;__tn__=-UC%2CP-R">TU-Umweltinitiative</a></span>:</p>
<div class="xdj266r x11i5rnm xat24cr x1mh8g0r x1vvkbs x126k92a">
<div dir="auto"><strong><em>Großer Aktionstag für unsere Demokratie und Solidarität statt Spaltung</em></strong></div>
</div>
<div class="x11i5rnm xat24cr x1mh8g0r x1vvkbs xtlvy1s x126k92a">
<div dir="auto"><em><span class="x3nfvp2 x1j61x8r x1fcty0u xdj266r xhhsvwb xat24cr xgzva0m xxymvpz xlup9mm x1kky2od"><img loading="lazy" decoding="async" class="xz74otr" src="https://static.xx.fbcdn.net/images/emoji.php/v9/t5c/1/16/1f5d3.png" alt="🗓" width="16" height="16" /></span> 3. Februar</em></div>
<div dir="auto"><em><span class="x3nfvp2 x1j61x8r x1fcty0u xdj266r xhhsvwb xat24cr xgzva0m xxymvpz xlup9mm x1kky2od"><img loading="lazy" decoding="async" class="xz74otr" src="https://static.xx.fbcdn.net/images/emoji.php/v9/t34/1/16/23f0.png" alt="⏰" width="16" height="16" /></span> ab 13 Uhr</em></div>
<div dir="auto"><em><span class="x3nfvp2 x1j61x8r x1fcty0u xdj266r xhhsvwb xat24cr xgzva0m xxymvpz xlup9mm x1kky2od"><img loading="lazy" decoding="async" class="xz74otr" src="https://static.xx.fbcdn.net/images/emoji.php/v9/t2d/1/16/1f4cd.png" alt="📍" width="16" height="16" /></span> Dresden, Theaterplatz</em></div>
</div>
<div class="x11i5rnm xat24cr x1mh8g0r x1vvkbs xtlvy1s x126k92a">
<div dir="auto"><em>Die Zivilgesellschaft steht geschlossen auf! Auf den Demonstrationen der vergangenen Wochen haben wir gezeigt, dass wir die demokratische Mehrheit sind. Die Rechten bekommen unsere Gleichgültigkeit nicht. Doch das kann erst der Anfang sein! JETZT ist die Zeit, in der wir sichtbar und hörbar bleiben müssen! Schließ auch Du Dich der Brandmauer gegen rechts an!</em></div>
<div dir="auto"><em style="font-size: 1.125rem;">Unsere Demokratie ist in Gefahr. Das dürfen wir nicht länger hinnehmen. Treten wir ein für Solidarität und Respekt, gegen Hass und Hetze. Für Gerechtigkeit und Toleranz, gegen Spaltung. Für eine Gesellschaft, die niemanden zurücklässt, für Menschenwürde, gegen Ausgrenzung.</em></div>
<div dir="auto"><em style="font-size: 1.125rem;">Wir schauen dem Rechtsruck in Deutschland, Europa und vor allem bei uns in Sachsen nicht mehr passiv zu. Schweigen ist keine Option. Nie wieder ist jetzt.</em></div>
</div>

<p>Wir teilen den Aufruf der TU-Umweltinitiative: Großer Aktionstag für unsere Demokratie und Solidarität statt Spaltung 3. Februar ab 13 Uhr Dresden, Theaterplatz Die Zivilgesellschaft steht geschlossen auf! Auf den Demonstrationen der vergangenen Wochen haben wir gezeigt, dass wir die demokratische Mehrheit sind. Die Rechten bekommen unsere Gleichgültigkeit nicht. Doch das kann erst der Anfang sein! JETZT ist die Zeit, in der</p>
