{"id":1429,"date":"2024-03-17T11:31:33","date_gmt":"2024-03-17T10:31:33","guid":{"rendered":"https:\/\/www.omasgegenrechts-dresden.de\/?post_type=tribe_events&#038;p=1429"},"modified":"2024-05-27T19:51:19","modified_gmt":"2024-05-27T17:51:19","slug":"alle-zusammen-fuer-solidaritaet-und-offenheit-pirna-ist-bunt","status":"publish","type":"tribe_events","link":"https:\/\/www.omasgegenrechts-dresden.de\/index.php\/termine\/alle-zusammen-fuer-solidaritaet-und-offenheit-pirna-ist-bunt\/","title":{"rendered":"ALLE ZUSAMMEN F\u00dcR SOLIDARIT\u00c4T UND OFFENHEIT &#8211; Pirna ist bunt!"},"content":{"rendered":"<p>Wir teilen den Aufruf des Aktionsb\u00fcndnisses <a href=\"https:\/\/pirna-ist-bunt.de\/\" target=\"_blank\" rel=\"noopener\">Pirna ist bunt!<\/a>:<\/p>\n<p><em>Am 25.03. soll in Pirna Tim Lochner, der erste AfD-Oberb\u00fcrgermeister Deutschlands vereidigt werden. Deswegen m\u00f6chten wir am Tag darauf, den 26.03. nutzen, um in einem breiten Aktionsb\u00fcndnis aus zivilgesellschaftlichen Initiativen zu zeigen, dass wir der rassistischen und menschenverachtenden Hetze von Tim Lochner und der AfD trotzdem weiterhin entgegenwirken werden! Pirna ist bunt und kein Platz f\u00fcr rechte Ideologien!<\/em><\/p>\n<p><em>Wir, das Aktionsb\u00fcndnis \u201ePirna ist bunt!\u201c aus der Zivilgesellschaft Pirnas, laden dich herzlich ein, sich uns anzuschlie\u00dfen, um ein klares Zeichen gegen Rassismus, Ausgrenzung und Spaltung zu setzen. Diese Demo ist nicht nur eine Antwort auf die Wahl Tim Lochners, sondern auch ein Aufruf zum gemeinsamen Handeln f\u00fcr eine gerechte und solidarische Gesellschaft.<\/em><\/p>\n<p><em><strong>Die Vereidigung eines AfD-Oberb\u00fcrgermeisters darf nicht als Normalit\u00e4t akzeptiert werden. Wir d\u00fcrfen nicht schweigen, wenn rassistische und menschenfeindliche Ideologien Einzug in unsere Kommunalpolitik nehmen. Es liegt an uns, entschlossen und gemeinsam f\u00fcr unsere demokratischen Werte einzustehen und ein starkes Zeichen zu setzen: Pirna ist bunt, Pirna ist weltoffen, Pirna ist solidarisch!<\/strong><\/em><\/p>\n","protected":false},"excerpt":{"rendered":"<p>Wir teilen den Aufruf des Aktionsb\u00fcndnisses Pirna ist bunt!: Am 25.03. soll in Pirna Tim Lochner, der erste AfD-Oberb\u00fcrgermeister Deutschlands vereidigt werden. Deswegen m\u00f6chten wir am Tag darauf, den 26.03. nutzen, um in einem breiten Aktionsb\u00fcndnis aus zivilgesellschaftlichen Initiativen zu zeigen, dass wir der rassistischen und menschenverachtenden Hetze von Tim Lochner und der AfD trotzdem weiterhin entgegenwirken werden! Pirna ist<\/p>\n","protected":false},"author":1,"featured_media":1430,"comment_status":"closed","ping_status":"closed","template":"","meta":{"om_disable_all_campaigns":false,"_monsterinsights_skip_tracking":false,"_monsterinsights_sitenote_active":false,"_monsterinsights_sitenote_note":"","_monsterinsights_sitenote_category":0,"_tribe_events_status":"","_tribe_events_status_reason":"","footnotes":""},"tags":[],"tribe_events_cat":[16],"class_list":["post-1429","tribe_events","type-tribe_events","status-publish","has-post-thumbnail","hentry","tribe_events_cat-demo","cat_demo"],"aioseo_notices":[],"_links":{"self":[{"href":"https:\/\/www.omasgegenrechts-dresden.de\/index.php\/wp-json\/wp\/v2\/tribe_events\/1429","targetHints":{"allow":["GET"]}}],"collection":[{"href":"https:\/\/www.omasgegenrechts-dresden.de\/index.php\/wp-json\/wp\/v2\/tribe_events"}],"about":[{"href":"https:\/\/www.omasgegenrechts-dresden.de\/index.php\/wp-json\/wp\/v2\/types\/tribe_events"}],"author":[{"embeddable":true,"href":"https:\/\/www.omasgegenrechts-dresden.de\/index.php\/wp-json\/wp\/v2\/users\/1"}],"replies":[{"embeddable":true,"href":"https:\/\/www.omasgegenrechts-dresden.de\/index.php\/wp-json\/wp\/v2\/comments?post=1429"}],"version-history":[{"count":1,"href":"https:\/\/www.omasgegenrechts-dresden.de\/index.php\/wp-json\/wp\/v2\/tribe_events\/1429\/revisions"}],"predecessor-version":[{"id":1432,"href":"https:\/\/www.omasgegenrechts-dresden.de\/index.php\/wp-json\/wp\/v2\/tribe_events\/1429\/revisions\/1432"}],"wp:featuredmedia":[{"embeddable":true,"href":"https:\/\/www.omasgegenrechts-dresden.de\/index.php\/wp-json\/wp\/v2\/media\/1430"}],"wp:attachment":[{"href":"https:\/\/www.omasgegenrechts-dresden.de\/index.php\/wp-json\/wp\/v2\/media?parent=1429"}],"wp:term":[{"taxonomy":"post_tag","embeddable":true,"href":"https:\/\/www.omasgegenrechts-dresden.de\/index.php\/wp-json\/wp\/v2\/tags?post=1429"},{"taxonomy":"tribe_events_cat","embeddable":true,"href":"https:\/\/www.omasgegenrechts-dresden.de\/index.php\/wp-json\/wp\/v2\/tribe_events_cat?post=1429"}],"curies":[{"name":"wp","href":"https:\/\/api.w.org\/{rel}","templated":true}]}}

ALLE ZUSAMMEN FÜR SOLIDARITÄT UND OFFENHEIT &#8211; Pirna ist bunt!

<p>Wir teilen den Aufruf des Aktionsbündnisses <a href="https://pirna-ist-bunt.de/" target="_blank" rel="noopener">Pirna ist bunt!</a>:</p>
<p><em>Am 25.03. soll in Pirna Tim Lochner, der erste AfD-Oberbürgermeister Deutschlands vereidigt werden. Deswegen möchten wir am Tag darauf, den 26.03. nutzen, um in einem breiten Aktionsbündnis aus zivilgesellschaftlichen Initiativen zu zeigen, dass wir der rassistischen und menschenverachtenden Hetze von Tim Lochner und der AfD trotzdem weiterhin entgegenwirken werden! Pirna ist bunt und kein Platz für rechte Ideologien!</em></p>
<p><em>Wir, das Aktionsbündnis „Pirna ist bunt!“ aus der Zivilgesellschaft Pirnas, laden dich herzlich ein, sich uns anzuschließen, um ein klares Zeichen gegen Rassismus, Ausgrenzung und Spaltung zu setzen. Diese Demo ist nicht nur eine Antwort auf die Wahl Tim Lochners, sondern auch ein Aufruf zum gemeinsamen Handeln für eine gerechte und solidarische Gesellschaft.</em></p>
<p><em><strong>Die Vereidigung eines AfD-Oberbürgermeisters darf nicht als Normalität akzeptiert werden. Wir dürfen nicht schweigen, wenn rassistische und menschenfeindliche Ideologien Einzug in unsere Kommunalpolitik nehmen. Es liegt an uns, entschlossen und gemeinsam für unsere demokratischen Werte einzustehen und ein starkes Zeichen zu setzen: Pirna ist bunt, Pirna ist weltoffen, Pirna ist solidarisch!</strong></em></p>

<p>Wir teilen den Aufruf des Aktionsbündnisses Pirna ist bunt!: Am 25.03. soll in Pirna Tim Lochner, der erste AfD-Oberbürgermeister Deutschlands vereidigt werden. Deswegen möchten wir am Tag darauf, den 26.03. nutzen, um in einem breiten Aktionsbündnis aus zivilgesellschaftlichen Initiativen zu zeigen, dass wir der rassistischen und menschenverachtenden Hetze von Tim Lochner und der AfD trotzdem weiterhin entgegenwirken werden! Pirna ist</p>
