{"id":1433,"date":"2024-03-18T21:22:33","date_gmt":"2024-03-18T20:22:33","guid":{"rendered":"https:\/\/www.omasgegenrechts-dresden.de\/?post_type=tribe_events&#038;p=1433"},"modified":"2024-03-18T21:41:21","modified_gmt":"2024-03-18T20:41:21","slug":"jugend-und-gleichstellungsarbeit-sichern","status":"publish","type":"tribe_events","link":"https:\/\/www.omasgegenrechts-dresden.de\/index.php\/termine\/jugend-und-gleichstellungsarbeit-sichern\/","title":{"rendered":"Jugend- und Gleichstellungsarbeit sichern"},"content":{"rendered":"<p>Wir teilen eine Aktion der Frauenprojekte der Stadt:<\/p>\n<p>Die Initiative &#8220;Jugend- und Gleichstellungsarbeit sichern&#8221; l\u00e4dt zu einer Innenstadtaktion f\u00fcr eine bedarfsgerechte F\u00f6rderung der sozialen Arbeit in Dresden am Dr.-K\u00fclz-Ring vor der Altmarktgalerie ein. Geplant sind der Live-Druck von Kunstbl\u00fcten sowie Vorstellung des Projektes in Kooperation mit Dresdner Gleichstellungseinrichtungen.<\/p>\n","protected":false},"excerpt":{"rendered":"<p>Wir teilen eine Aktion der Frauenprojekte der Stadt: Die Initiative &#8220;Jugend- und Gleichstellungsarbeit sichern&#8221; l\u00e4dt zu einer Innenstadtaktion f\u00fcr eine bedarfsgerechte F\u00f6rderung der sozialen Arbeit in Dresden am Dr.-K\u00fclz-Ring vor der Altmarktgalerie ein. Geplant sind der Live-Druck von Kunstbl\u00fcten sowie Vorstellung des Projektes in Kooperation mit Dresdner Gleichstellungseinrichtungen.<\/p>\n","protected":false},"author":4,"featured_media":1436,"comment_status":"closed","ping_status":"closed","template":"","meta":{"om_disable_all_campaigns":false,"_monsterinsights_skip_tracking":false,"_monsterinsights_sitenote_active":false,"_monsterinsights_sitenote_note":"","_monsterinsights_sitenote_category":0,"_tribe_events_status":"","_tribe_events_status_reason":"","footnotes":""},"tags":[],"tribe_events_cat":[16],"class_list":["post-1433","tribe_events","type-tribe_events","status-publish","has-post-thumbnail","hentry","tribe_events_cat-demo","cat_demo"],"aioseo_notices":[],"_links":{"self":[{"href":"https:\/\/www.omasgegenrechts-dresden.de\/index.php\/wp-json\/wp\/v2\/tribe_events\/1433","targetHints":{"allow":["GET"]}}],"collection":[{"href":"https:\/\/www.omasgegenrechts-dresden.de\/index.php\/wp-json\/wp\/v2\/tribe_events"}],"about":[{"href":"https:\/\/www.omasgegenrechts-dresden.de\/index.php\/wp-json\/wp\/v2\/types\/tribe_events"}],"author":[{"embeddable":true,"href":"https:\/\/www.omasgegenrechts-dresden.de\/index.php\/wp-json\/wp\/v2\/users\/4"}],"replies":[{"embeddable":true,"href":"https:\/\/www.omasgegenrechts-dresden.de\/index.php\/wp-json\/wp\/v2\/comments?post=1433"}],"version-history":[{"count":2,"href":"https:\/\/www.omasgegenrechts-dresden.de\/index.php\/wp-json\/wp\/v2\/tribe_events\/1433\/revisions"}],"predecessor-version":[{"id":1440,"href":"https:\/\/www.omasgegenrechts-dresden.de\/index.php\/wp-json\/wp\/v2\/tribe_events\/1433\/revisions\/1440"}],"wp:featuredmedia":[{"embeddable":true,"href":"https:\/\/www.omasgegenrechts-dresden.de\/index.php\/wp-json\/wp\/v2\/media\/1436"}],"wp:attachment":[{"href":"https:\/\/www.omasgegenrechts-dresden.de\/index.php\/wp-json\/wp\/v2\/media?parent=1433"}],"wp:term":[{"taxonomy":"post_tag","embeddable":true,"href":"https:\/\/www.omasgegenrechts-dresden.de\/index.php\/wp-json\/wp\/v2\/tags?post=1433"},{"taxonomy":"tribe_events_cat","embeddable":true,"href":"https:\/\/www.omasgegenrechts-dresden.de\/index.php\/wp-json\/wp\/v2\/tribe_events_cat?post=1433"}],"curies":[{"name":"wp","href":"https:\/\/api.w.org\/{rel}","templated":true}]}}

<p>Wir teilen eine Aktion der Frauenprojekte der Stadt:</p>
<p>Die Initiative &#8220;Jugend- und Gleichstellungsarbeit sichern&#8221; lädt zu einer Innenstadtaktion für eine bedarfsgerechte Förderung der sozialen Arbeit in Dresden am Dr.-Külz-Ring vor der Altmarktgalerie ein. Geplant sind der Live-Druck von Kunstblüten sowie Vorstellung des Projektes in Kooperation mit Dresdner Gleichstellungseinrichtungen.</p>

<p>Wir teilen eine Aktion der Frauenprojekte der Stadt: Die Initiative &#8220;Jugend- und Gleichstellungsarbeit sichern&#8221; lädt zu einer Innenstadtaktion für eine bedarfsgerechte Förderung der sozialen Arbeit in Dresden am Dr.-Külz-Ring vor der Altmarktgalerie ein. Geplant sind der Live-Druck von Kunstblüten sowie Vorstellung des Projektes in Kooperation mit Dresdner Gleichstellungseinrichtungen.</p>
