{"id":2074,"date":"2024-12-22T17:26:23","date_gmt":"2024-12-22T16:26:23","guid":{"rendered":"https:\/\/www.omasgegenrechts-dresden.de\/?post_type=tribe_events&#038;p=2074"},"modified":"2024-12-24T10:53:28","modified_gmt":"2024-12-24T09:53:28","slug":"kundgebung-mit-live-musik-in-riesa-gegen-afd-bundesparteitag","status":"publish","type":"tribe_events","link":"https:\/\/www.omasgegenrechts-dresden.de\/index.php\/termine\/kundgebung-mit-live-musik-in-riesa-gegen-afd-bundesparteitag\/","title":{"rendered":"Kundgebung mit Live-Musik in Riesa gegen AfD-Bundesparteitag"},"content":{"rendered":"<p>Wir unterst\u00fctzen den Aufruf von\u00a0<a href=\"https:\/\/widersetzen.com\/\" target=\"_blank\" rel=\"noopener\">widersetzen.com<\/a> zum Widerstand gegen den AfD-Bundesparteitag in Riesa:<\/p>\n<p><span style=\"color: #333333;\"><strong><i>Wir wollen uns der AfD kreativ, vielf\u00e4ltig und effektiv widersetzen. Von uns geht dabei keine Eskalation aus. Gemeinsam mit tausenden anderen werden wir einen erfolgreichen Protest in Riesa erm\u00f6glichen.<\/i><\/strong><\/span><\/p>\n<p><span style=\"color: #333333;\"><em><strong>In Essen aufgestanden \u2013 in Riesa widersetzen!<\/strong> \ud83d\udc9c\ud83e\udde1<\/em><\/span><\/p>\n<hr \/>\n<p>Wir OMAS GEGEN RECHTS.DRESDEN unterst\u00fctzen ganz praktisch mit \u00dcbernachtungsangeboten f\u00fcr OMAS aus ganz Deutschland, mittels internem Einwerben von Spenden f\u00fcr widersetzen.com &#8211; und nat\u00fcrlich auch mit einer Abordnung vor Ort zur Kundgebung mit Live-Musik. Erwartet unseren Bericht \ud83d\ude42. Alerta!<\/p>\n","protected":false},"excerpt":{"rendered":"<p>Wir unterst\u00fctzen den Aufruf von\u00a0widersetzen.com zum Widerstand gegen den AfD-Bundesparteitag in Riesa: Wir wollen uns der AfD kreativ, vielf\u00e4ltig und effektiv widersetzen. Von uns geht dabei keine Eskalation aus. Gemeinsam mit tausenden anderen werden wir einen erfolgreichen Protest in Riesa erm\u00f6glichen. In Essen aufgestanden \u2013 in Riesa widersetzen! \ud83d\udc9c\ud83e\udde1 Wir OMAS GEGEN RECHTS.DRESDEN unterst\u00fctzen ganz praktisch mit \u00dcbernachtungsangeboten f\u00fcr OMAS<\/p>\n","protected":false},"author":1,"featured_media":2112,"comment_status":"closed","ping_status":"closed","template":"","meta":{"om_disable_all_campaigns":false,"_monsterinsights_skip_tracking":false,"_monsterinsights_sitenote_active":false,"_monsterinsights_sitenote_note":"","_monsterinsights_sitenote_category":0,"_tribe_events_status":"","_tribe_events_status_reason":"","footnotes":""},"tags":[],"tribe_events_cat":[16],"class_list":["post-2074","tribe_events","type-tribe_events","status-publish","has-post-thumbnail","hentry","tribe_events_cat-demo","cat_demo"],"aioseo_notices":[],"_links":{"self":[{"href":"https:\/\/www.omasgegenrechts-dresden.de\/index.php\/wp-json\/wp\/v2\/tribe_events\/2074","targetHints":{"allow":["GET"]}}],"collection":[{"href":"https:\/\/www.omasgegenrechts-dresden.de\/index.php\/wp-json\/wp\/v2\/tribe_events"}],"about":[{"href":"https:\/\/www.omasgegenrechts-dresden.de\/index.php\/wp-json\/wp\/v2\/types\/tribe_events"}],"author":[{"embeddable":true,"href":"https:\/\/www.omasgegenrechts-dresden.de\/index.php\/wp-json\/wp\/v2\/users\/1"}],"replies":[{"embeddable":true,"href":"https:\/\/www.omasgegenrechts-dresden.de\/index.php\/wp-json\/wp\/v2\/comments?post=2074"}],"version-history":[{"count":16,"href":"https:\/\/www.omasgegenrechts-dresden.de\/index.php\/wp-json\/wp\/v2\/tribe_events\/2074\/revisions"}],"predecessor-version":[{"id":2123,"href":"https:\/\/www.omasgegenrechts-dresden.de\/index.php\/wp-json\/wp\/v2\/tribe_events\/2074\/revisions\/2123"}],"wp:featuredmedia":[{"embeddable":true,"href":"https:\/\/www.omasgegenrechts-dresden.de\/index.php\/wp-json\/wp\/v2\/media\/2112"}],"wp:attachment":[{"href":"https:\/\/www.omasgegenrechts-dresden.de\/index.php\/wp-json\/wp\/v2\/media?parent=2074"}],"wp:term":[{"taxonomy":"post_tag","embeddable":true,"href":"https:\/\/www.omasgegenrechts-dresden.de\/index.php\/wp-json\/wp\/v2\/tags?post=2074"},{"taxonomy":"tribe_events_cat","embeddable":true,"href":"https:\/\/www.omasgegenrechts-dresden.de\/index.php\/wp-json\/wp\/v2\/tribe_events_cat?post=2074"}],"curies":[{"name":"wp","href":"https:\/\/api.w.org\/{rel}","templated":true}]}}

<p>Wir unterstützen den Aufruf von <a href="https://widersetzen.com/" target="_blank" rel="noopener">widersetzen.com</a> zum Widerstand gegen den AfD-Bundesparteitag in Riesa:</p>
<p><span style="color: #333333;"><strong><i>Wir wollen uns der AfD kreativ, vielfältig und effektiv widersetzen. Von uns geht dabei keine Eskalation aus. Gemeinsam mit tausenden anderen werden wir einen erfolgreichen Protest in Riesa ermöglichen.</i></strong></span></p>
<p><span style="color: #333333;"><em><strong>In Essen aufgestanden – in Riesa widersetzen!</strong> 💜🧡</em></span></p>
<hr />
<p>Wir OMAS GEGEN RECHTS.DRESDEN unterstützen ganz praktisch mit Übernachtungsangeboten für OMAS aus ganz Deutschland, mittels internem Einwerben von Spenden für widersetzen.com &#8211; und natürlich auch mit einer Abordnung vor Ort zur Kundgebung mit Live-Musik. Erwartet unseren Bericht 🙂. Alerta!</p>

<p>Wir unterstützen den Aufruf von widersetzen.com zum Widerstand gegen den AfD-Bundesparteitag in Riesa: Wir wollen uns der AfD kreativ, vielfältig und effektiv widersetzen. Von uns geht dabei keine Eskalation aus. Gemeinsam mit tausenden anderen werden wir einen erfolgreichen Protest in Riesa ermöglichen. In Essen aufgestanden – in Riesa widersetzen! 💜🧡 Wir OMAS GEGEN RECHTS.DRESDEN unterstützen ganz praktisch mit Übernachtungsangeboten für OMAS</p>
