{"id":972,"date":"2023-12-06T21:18:42","date_gmt":"2023-12-06T20:18:42","guid":{"rendered":"https:\/\/www.omasgegenrechts-dresden.de\/?post_type=tribe_events&#038;p=972"},"modified":"2024-02-18T10:27:39","modified_gmt":"2024-02-18T09:27:39","slug":"es-gibt-keinen-fahrstuhl-zur-demokratie-nehmt-die-treppe","status":"publish","type":"tribe_events","link":"https:\/\/www.omasgegenrechts-dresden.de\/index.php\/termine\/es-gibt-keinen-fahrstuhl-zur-demokratie-nehmt-die-treppe\/","title":{"rendered":"Es gibt keinen Fahrstuhl zur Demokratie &#8211; NEHMT DIE TREPPE!"},"content":{"rendered":"<div class=\"xdj266r x11i5rnm xat24cr x1mh8g0r x1vvkbs x126k92a\">\n<div dir=\"auto\">\n<p>Wir teilen den Aufruf von <a href=\"https:\/\/hsh-dresden.de\/\">Herz statt Hetze<\/a> und <a href=\"https:\/\/www.facebook.com\/NradK\/\">Nationalismus raus aus den K\u00f6pfen<\/a>:<\/p>\n<\/div>\n<\/div>\n<div dir=\"auto\">\n<p><em><span class=\"x3nfvp2 x1j61x8r x1fcty0u xdj266r xhhsvwb xat24cr xgzva0m xxymvpz xlup9mm x1kky2od\">Liebe beherzte Menschen,<\/span><\/em><\/p>\n<p><img loading=\"lazy\" decoding=\"async\" class=\"xz74otr\" src=\"https:\/\/static.xx.fbcdn.net\/images\/emoji.php\/v9\/t51\/1\/16\/1f449.png\" alt=\"\ud83d\udc49\" width=\"16\" height=\"16\" \/>\u00a0am Montag, dem 18.12. gilt es ein weiteres Mal unsere Demokratie zu verteidigen.<\/p>\n<p><em>Die Stadt und ihre Versammlungsbeh\u00f6rde machen einmal mehr Platz f\u00fcr Pegida, Querdenken, Freie Sachsen und Co. Der Schlossplatz und diesmal wohl auch die Augustusbr\u00fccke sind ihnen vorbehalten. Lassen wir das so nicht zu. Wehren wir uns gemeinsam und entschlossen gegen die, die unser Land mit ihrem rassistischen und nationalistischen Gedankengut in menschenrechtsverachtende Zeiten zur\u00fcckf\u00fchren wollen.<\/em><\/p>\n<p><em>Merkt Euch den Abend vor und macht den Termin auf alle erdenklichen Weisen bekannt. Wir werden mit Euch auf der Stra\u00dfe sein und alle unterst\u00fctzen, die sich dem Hass und der Hetze entgegenstellen!<\/em><\/p>\n<p><em><span class=\"x3nfvp2 x1j61x8r x1fcty0u xdj266r xhhsvwb xat24cr xgzva0m xxymvpz xlup9mm x1kky2od\"><img loading=\"lazy\" decoding=\"async\" class=\"xz74otr\" src=\"https:\/\/static.xx.fbcdn.net\/images\/emoji.php\/v9\/t51\/1\/16\/1f449.png\" alt=\"\ud83d\udc49\" width=\"16\" height=\"16\" \/><\/span>\u00a0Wir haben ab 18:00 Uhr eine Versammlung auf der Treppe zwischen Schlossplatz und Br\u00fchlscher Terrasse angezeigt.<\/em><br \/>\n<em><span class=\"x3nfvp2 x1j61x8r x1fcty0u xdj266r xhhsvwb xat24cr xgzva0m xxymvpz xlup9mm x1kky2od\"><img loading=\"lazy\" decoding=\"async\" class=\"xz74otr\" src=\"https:\/\/static.xx.fbcdn.net\/images\/emoji.php\/v9\/t51\/1\/16\/1f449.png\" alt=\"\ud83d\udc49\" width=\"16\" height=\"16\" \/><\/span>\u00a0Menschen von\u00a0<a class=\"x1i10hfl xjbqb8w x6umtig x1b1mbwd xaqea5y xav7gou x9f619 x1ypdohk xt0psk2 xe8uvvx xdj266r x11i5rnm xat24cr x1mh8g0r xexx8yu x4uap5 x18d9i69 xkhd6sd x16tdsg8 x1hl2dhg xggy1nq x1a2a7pz xt0b8zv xzsf02u x1s688f\" tabindex=\"0\" role=\"link\" href=\"https:\/\/www.facebook.com\/hopedresden?__cft__[0]=AZWyrFp0Baw_wtywaoB5p589Ql_DYF72wDhrZt5HEbg63XLgImakjXsvGipSu939CoqYoHufD9g_uZHx3KN9kl8BCSrlV2jM26U4i65ZLm10B8R6qo73zT4UriNXcqgyXOUsP8i4G892BAvrWF4eU7SDfx2P4fQQw6LA-2fpJaOzKidgnbb5YUYWua86NLNQH18&amp;__tn__=-]K*F\"><span class=\"xt0psk2\">HOPE &#8211; fight racism<\/span><\/a> k\u00fcmmern sich um eine Demo aus der Neustadt. Start ist 17:30 Uhr am Alaunplatz.\u00a0<\/em><\/p>\n<\/div>\n","protected":false},"excerpt":{"rendered":"<p>Wir teilen den Aufruf von Herz statt Hetze und Nationalismus raus aus den K\u00f6pfen: Liebe beherzte Menschen, \u00a0am Montag, dem 18.12. gilt es ein weiteres Mal unsere Demokratie zu verteidigen. Die Stadt und ihre Versammlungsbeh\u00f6rde machen einmal mehr Platz f\u00fcr Pegida, Querdenken, Freie Sachsen und Co. Der Schlossplatz und diesmal wohl auch die Augustusbr\u00fccke sind ihnen vorbehalten. Lassen wir das<\/p>\n","protected":false},"author":1,"featured_media":978,"comment_status":"closed","ping_status":"closed","template":"","meta":{"om_disable_all_campaigns":false,"_monsterinsights_skip_tracking":false,"_monsterinsights_sitenote_active":false,"_monsterinsights_sitenote_note":"","_monsterinsights_sitenote_category":0,"_tribe_events_status":"","_tribe_events_status_reason":"","footnotes":""},"tags":[],"tribe_events_cat":[16],"class_list":["post-972","tribe_events","type-tribe_events","status-publish","has-post-thumbnail","hentry","tribe_events_cat-demo","cat_demo"],"aioseo_notices":[],"_links":{"self":[{"href":"https:\/\/www.omasgegenrechts-dresden.de\/index.php\/wp-json\/wp\/v2\/tribe_events\/972","targetHints":{"allow":["GET"]}}],"collection":[{"href":"https:\/\/www.omasgegenrechts-dresden.de\/index.php\/wp-json\/wp\/v2\/tribe_events"}],"about":[{"href":"https:\/\/www.omasgegenrechts-dresden.de\/index.php\/wp-json\/wp\/v2\/types\/tribe_events"}],"author":[{"embeddable":true,"href":"https:\/\/www.omasgegenrechts-dresden.de\/index.php\/wp-json\/wp\/v2\/users\/1"}],"replies":[{"embeddable":true,"href":"https:\/\/www.omasgegenrechts-dresden.de\/index.php\/wp-json\/wp\/v2\/comments?post=972"}],"version-history":[{"count":11,"href":"https:\/\/www.omasgegenrechts-dresden.de\/index.php\/wp-json\/wp\/v2\/tribe_events\/972\/revisions"}],"predecessor-version":[{"id":993,"href":"https:\/\/www.omasgegenrechts-dresden.de\/index.php\/wp-json\/wp\/v2\/tribe_events\/972\/revisions\/993"}],"wp:featuredmedia":[{"embeddable":true,"href":"https:\/\/www.omasgegenrechts-dresden.de\/index.php\/wp-json\/wp\/v2\/media\/978"}],"wp:attachment":[{"href":"https:\/\/www.omasgegenrechts-dresden.de\/index.php\/wp-json\/wp\/v2\/media?parent=972"}],"wp:term":[{"taxonomy":"post_tag","embeddable":true,"href":"https:\/\/www.omasgegenrechts-dresden.de\/index.php\/wp-json\/wp\/v2\/tags?post=972"},{"taxonomy":"tribe_events_cat","embeddable":true,"href":"https:\/\/www.omasgegenrechts-dresden.de\/index.php\/wp-json\/wp\/v2\/tribe_events_cat?post=972"}],"curies":[{"name":"wp","href":"https:\/\/api.w.org\/{rel}","templated":true}]}}

<div class="xdj266r x11i5rnm xat24cr x1mh8g0r x1vvkbs x126k92a">
<div dir="auto">
<p>Wir teilen den Aufruf von <a href="https://hsh-dresden.de/">Herz statt Hetze</a> und <a href="https://www.facebook.com/NradK/">Nationalismus raus aus den Köpfen</a>:</p>
</div>
</div>
<div dir="auto">
<p><em><span class="x3nfvp2 x1j61x8r x1fcty0u xdj266r xhhsvwb xat24cr xgzva0m xxymvpz xlup9mm x1kky2od">Liebe beherzte Menschen,</span></em></p>
<p><img loading="lazy" decoding="async" class="xz74otr" src="https://static.xx.fbcdn.net/images/emoji.php/v9/t51/1/16/1f449.png" alt="👉" width="16" height="16" /> am Montag, dem 18.12. gilt es ein weiteres Mal unsere Demokratie zu verteidigen.</p>
<p><em>Die Stadt und ihre Versammlungsbehörde machen einmal mehr Platz für Pegida, Querdenken, Freie Sachsen und Co. Der Schlossplatz und diesmal wohl auch die Augustusbrücke sind ihnen vorbehalten. Lassen wir das so nicht zu. Wehren wir uns gemeinsam und entschlossen gegen die, die unser Land mit ihrem rassistischen und nationalistischen Gedankengut in menschenrechtsverachtende Zeiten zurückführen wollen.</em></p>
<p><em>Merkt Euch den Abend vor und macht den Termin auf alle erdenklichen Weisen bekannt. Wir werden mit Euch auf der Straße sein und alle unterstützen, die sich dem Hass und der Hetze entgegenstellen!</em></p>
<p><em><span class="x3nfvp2 x1j61x8r x1fcty0u xdj266r xhhsvwb xat24cr xgzva0m xxymvpz xlup9mm x1kky2od"><img loading="lazy" decoding="async" class="xz74otr" src="https://static.xx.fbcdn.net/images/emoji.php/v9/t51/1/16/1f449.png" alt="👉" width="16" height="16" /></span> Wir haben ab 18:00 Uhr eine Versammlung auf der Treppe zwischen Schlossplatz und Brühlscher Terrasse angezeigt.</em><br />
<em><span class="x3nfvp2 x1j61x8r x1fcty0u xdj266r xhhsvwb xat24cr xgzva0m xxymvpz xlup9mm x1kky2od"><img loading="lazy" decoding="async" class="xz74otr" src="https://static.xx.fbcdn.net/images/emoji.php/v9/t51/1/16/1f449.png" alt="👉" width="16" height="16" /></span> Menschen von <a class="x1i10hfl xjbqb8w x6umtig x1b1mbwd xaqea5y xav7gou x9f619 x1ypdohk xt0psk2 xe8uvvx xdj266r x11i5rnm xat24cr x1mh8g0r xexx8yu x4uap5 x18d9i69 xkhd6sd x16tdsg8 x1hl2dhg xggy1nq x1a2a7pz xt0b8zv xzsf02u x1s688f" tabindex="0" role="link" href="https://www.facebook.com/hopedresden?__cft__[0]=AZWyrFp0Baw_wtywaoB5p589Ql_DYF72wDhrZt5HEbg63XLgImakjXsvGipSu939CoqYoHufD9g_uZHx3KN9kl8BCSrlV2jM26U4i65ZLm10B8R6qo73zT4UriNXcqgyXOUsP8i4G892BAvrWF4eU7SDfx2P4fQQw6LA-2fpJaOzKidgnbb5YUYWua86NLNQH18&amp;__tn__=-]K*F"><span class="xt0psk2">HOPE &#8211; fight racism</span></a> kümmern sich um eine Demo aus der Neustadt. Start ist 17:30 Uhr am Alaunplatz. </em></p>
</div>

<p>Wir teilen den Aufruf von Herz statt Hetze und Nationalismus raus aus den Köpfen: Liebe beherzte Menschen,  am Montag, dem 18.12. gilt es ein weiteres Mal unsere Demokratie zu verteidigen. Die Stadt und ihre Versammlungsbehörde machen einmal mehr Platz für Pegida, Querdenken, Freie Sachsen und Co. Der Schlossplatz und diesmal wohl auch die Augustusbrücke sind ihnen vorbehalten. Lassen wir das</p>
