{"id":994,"date":"2023-12-08T19:52:15","date_gmt":"2023-12-08T18:52:15","guid":{"rendered":"https:\/\/www.omasgegenrechts-dresden.de\/?post_type=tribe_events&#038;p=994"},"modified":"2024-02-18T10:27:39","modified_gmt":"2024-02-18T09:27:39","slug":"gegen-jeden-antisemitismus-und-rechte-hetze-an-chanukka-und-an-jedem-anderen-tag","status":"publish","type":"tribe_events","link":"https:\/\/www.omasgegenrechts-dresden.de\/index.php\/termine\/gegen-jeden-antisemitismus-und-rechte-hetze-an-chanukka-und-an-jedem-anderen-tag\/","title":{"rendered":"Gegen jeden Antisemitismus und rechte Hetze an Chanukka und an jedem anderen Tag"},"content":{"rendered":"<p>Wir teilen den Aufruf von <a href=\"https:\/\/www.facebook.com\/HaltungZeigenDresden\">Haltung zeigen<\/a>:<\/p>\n<div class=\"\" dir=\"auto\">\n<div id=\":ra:\" class=\"x1iorvi4 x1pi30zi x1l90r2v x1swvt13\" data-ad-comet-preview=\"message\" data-ad-preview=\"message\">\n<div class=\"x78zum5 xdt5ytf xz62fqu x16ldp7u\">\n<div class=\"xu06os2 x1ok221b\">\n<div class=\"xdj266r x11i5rnm xat24cr x1mh8g0r x1vvkbs x126k92a\">\n<div dir=\"auto\"><em>Wir rufen gemeinsam mit <a class=\"x1i10hfl xjbqb8w x6umtig x1b1mbwd xaqea5y xav7gou x9f619 x1ypdohk xt0psk2 xe8uvvx xdj266r x11i5rnm xat24cr x1mh8g0r xexx8yu x4uap5 x18d9i69 xkhd6sd x16tdsg8 x1hl2dhg xggy1nq x1a2a7pz xt0b8zv x1qq9wsj xo1l8bm\" tabindex=\"0\" role=\"link\" href=\"https:\/\/www.facebook.com\/NradK?__cft__[0]=AZX5e1EICTAueRwEz25AhU1XbAc6G7MrRQNtoU9TJ1KWG48V62vpdrgHclm9x14C5Izvp96EILHeM4L87H7jG8MKtCPpdYh1RK9dS0zI-fanAVpzRPcZWaC_qGfB002-SRYQwrLKwgfRJ5OgPJWOGICRbcB-73Fr0HNBRav2agByYG9gLK1xQqODR7WMeRtoahwGQmCMapxmipKUiRDZKuBl&amp;__tn__=-]K-R\">Nationalismus raus aus den K\u00f6pfen<\/a> dazu auf, am kommenden Montag ab 18.30 Uhr auf dem Schlossplatz in Dresden Haltung zu zeigen, wenn rechte Querdenker*innen und antisemitische Verschw\u00f6rungsgl\u00e4ubige wieder mit ihrer Hetze auf die Stra\u00dfe gehen. Ausgerechnet am Schlossplatz, wo zur Zeit die Chanukkia, der achtflammige Leuchter des j\u00fcdischen Lichterfestes Chanukka steht, werden sie mit ihrem allmont\u00e4glichen Aufzug durch die Stadt starten. Seit langem schon sind auf diesen Demonstrationen offener und subtil versteckter Antisemitismus zu vernehmen.<\/em><\/div>\n<\/div>\n<div class=\"x11i5rnm xat24cr x1mh8g0r x1vvkbs xtlvy1s x126k92a\">\n<div dir=\"auto\"><em>Wir wollen das nicht unwidersprochen ablaufen lassen und entschlossen daf\u00fcr sorgen, dass der Platz um den Leuchter einer j\u00fcdischen Gemeinde nicht von den Rechten vereinnahmt werden kann.<\/em><\/div>\n<\/div>\n<div class=\"x11i5rnm xat24cr x1mh8g0r x1vvkbs xtlvy1s x126k92a\">\n<div dir=\"auto\"><em>Unterst\u00fctzt uns gern vor Ort ab 18.30 Uhr, damit Antisemitismus und rechte Hetze an Chanukka und jedem anderen Tag keinen Platz in Dresden haben.<\/em><\/div>\n<\/div>\n<\/div>\n<\/div>\n<\/div>\n<\/div>\n","protected":false},"excerpt":{"rendered":"<p>Wir teilen den Aufruf von Haltung zeigen: Wir rufen gemeinsam mit Nationalismus raus aus den K\u00f6pfen dazu auf, am kommenden Montag ab 18.30 Uhr auf dem Schlossplatz in Dresden Haltung zu zeigen, wenn rechte Querdenker*innen und antisemitische Verschw\u00f6rungsgl\u00e4ubige wieder mit ihrer Hetze auf die Stra\u00dfe gehen. Ausgerechnet am Schlossplatz, wo zur Zeit die Chanukkia, der achtflammige Leuchter des j\u00fcdischen Lichterfestes<\/p>\n","protected":false},"author":1,"featured_media":1000,"comment_status":"closed","ping_status":"closed","template":"","meta":{"om_disable_all_campaigns":false,"_monsterinsights_skip_tracking":false,"_monsterinsights_sitenote_active":false,"_monsterinsights_sitenote_note":"","_monsterinsights_sitenote_category":0,"_tribe_events_status":"","_tribe_events_status_reason":"","footnotes":""},"tags":[],"tribe_events_cat":[16],"class_list":["post-994","tribe_events","type-tribe_events","status-publish","has-post-thumbnail","hentry","tribe_events_cat-demo","cat_demo"],"aioseo_notices":[],"_links":{"self":[{"href":"https:\/\/www.omasgegenrechts-dresden.de\/index.php\/wp-json\/wp\/v2\/tribe_events\/994","targetHints":{"allow":["GET"]}}],"collection":[{"href":"https:\/\/www.omasgegenrechts-dresden.de\/index.php\/wp-json\/wp\/v2\/tribe_events"}],"about":[{"href":"https:\/\/www.omasgegenrechts-dresden.de\/index.php\/wp-json\/wp\/v2\/types\/tribe_events"}],"author":[{"embeddable":true,"href":"https:\/\/www.omasgegenrechts-dresden.de\/index.php\/wp-json\/wp\/v2\/users\/1"}],"replies":[{"embeddable":true,"href":"https:\/\/www.omasgegenrechts-dresden.de\/index.php\/wp-json\/wp\/v2\/comments?post=994"}],"version-history":[{"count":2,"href":"https:\/\/www.omasgegenrechts-dresden.de\/index.php\/wp-json\/wp\/v2\/tribe_events\/994\/revisions"}],"predecessor-version":[{"id":999,"href":"https:\/\/www.omasgegenrechts-dresden.de\/index.php\/wp-json\/wp\/v2\/tribe_events\/994\/revisions\/999"}],"wp:featuredmedia":[{"embeddable":true,"href":"https:\/\/www.omasgegenrechts-dresden.de\/index.php\/wp-json\/wp\/v2\/media\/1000"}],"wp:attachment":[{"href":"https:\/\/www.omasgegenrechts-dresden.de\/index.php\/wp-json\/wp\/v2\/media?parent=994"}],"wp:term":[{"taxonomy":"post_tag","embeddable":true,"href":"https:\/\/www.omasgegenrechts-dresden.de\/index.php\/wp-json\/wp\/v2\/tags?post=994"},{"taxonomy":"tribe_events_cat","embeddable":true,"href":"https:\/\/www.omasgegenrechts-dresden.de\/index.php\/wp-json\/wp\/v2\/tribe_events_cat?post=994"}],"curies":[{"name":"wp","href":"https:\/\/api.w.org\/{rel}","templated":true}]}}

<p>Wir teilen den Aufruf von <a href="https://www.facebook.com/HaltungZeigenDresden">Haltung zeigen</a>:</p>
<div class="" dir="auto">
<div id=":ra:" class="x1iorvi4 x1pi30zi x1l90r2v x1swvt13" data-ad-comet-preview="message" data-ad-preview="message">
<div class="x78zum5 xdt5ytf xz62fqu x16ldp7u">
<div class="xu06os2 x1ok221b">
<div class="xdj266r x11i5rnm xat24cr x1mh8g0r x1vvkbs x126k92a">
<div dir="auto"><em>Wir rufen gemeinsam mit <a class="x1i10hfl xjbqb8w x6umtig x1b1mbwd xaqea5y xav7gou x9f619 x1ypdohk xt0psk2 xe8uvvx xdj266r x11i5rnm xat24cr x1mh8g0r xexx8yu x4uap5 x18d9i69 xkhd6sd x16tdsg8 x1hl2dhg xggy1nq x1a2a7pz xt0b8zv x1qq9wsj xo1l8bm" tabindex="0" role="link" href="https://www.facebook.com/NradK?__cft__[0]=AZX5e1EICTAueRwEz25AhU1XbAc6G7MrRQNtoU9TJ1KWG48V62vpdrgHclm9x14C5Izvp96EILHeM4L87H7jG8MKtCPpdYh1RK9dS0zI-fanAVpzRPcZWaC_qGfB002-SRYQwrLKwgfRJ5OgPJWOGICRbcB-73Fr0HNBRav2agByYG9gLK1xQqODR7WMeRtoahwGQmCMapxmipKUiRDZKuBl&amp;__tn__=-]K-R">Nationalismus raus aus den Köpfen</a> dazu auf, am kommenden Montag ab 18.30 Uhr auf dem Schlossplatz in Dresden Haltung zu zeigen, wenn rechte Querdenker*innen und antisemitische Verschwörungsgläubige wieder mit ihrer Hetze auf die Straße gehen. Ausgerechnet am Schlossplatz, wo zur Zeit die Chanukkia, der achtflammige Leuchter des jüdischen Lichterfestes Chanukka steht, werden sie mit ihrem allmontäglichen Aufzug durch die Stadt starten. Seit langem schon sind auf diesen Demonstrationen offener und subtil versteckter Antisemitismus zu vernehmen.</em></div>
</div>
<div class="x11i5rnm xat24cr x1mh8g0r x1vvkbs xtlvy1s x126k92a">
<div dir="auto"><em>Wir wollen das nicht unwidersprochen ablaufen lassen und entschlossen dafür sorgen, dass der Platz um den Leuchter einer jüdischen Gemeinde nicht von den Rechten vereinnahmt werden kann.</em></div>
</div>
<div class="x11i5rnm xat24cr x1mh8g0r x1vvkbs xtlvy1s x126k92a">
<div dir="auto"><em>Unterstützt uns gern vor Ort ab 18.30 Uhr, damit Antisemitismus und rechte Hetze an Chanukka und jedem anderen Tag keinen Platz in Dresden haben.</em></div>
</div>
</div>
</div>
</div>
</div>

<p>Wir teilen den Aufruf von Haltung zeigen: Wir rufen gemeinsam mit Nationalismus raus aus den Köpfen dazu auf, am kommenden Montag ab 18.30 Uhr auf dem Schlossplatz in Dresden Haltung zu zeigen, wenn rechte Querdenker*innen und antisemitische Verschwörungsgläubige wieder mit ihrer Hetze auf die Straße gehen. Ausgerechnet am Schlossplatz, wo zur Zeit die Chanukkia, der achtflammige Leuchter des jüdischen Lichterfestes</p>
